{"id":7669,"date":"2018-08-22T09:54:19","date_gmt":"2018-08-22T07:54:19","guid":{"rendered":"http:\/\/www.vpst-laubach.de\/wp\/?page_id=7669"},"modified":"2024-11-27T11:52:37","modified_gmt":"2024-11-27T10:52:37","slug":"der-vpst","status":"publish","type":"page","link":"https:\/\/www.vpst-laubach.de\/wp\/der-vpst\/","title":{"rendered":"Der VPsT"},"content":{"rendered":"<!-- RS_MODULE_CODE_2.4.6 --><div id=\"readspeaker_button7669\" class=\"rs_skip rsbtn rs_preserve\"><a class=\"rsbtn_play\" title=\"Um den Text anzuh\u00f6ren, verwenden Sie bitte ReadSpeaker\" accesskey=\"L\" href=\"\/\/app-eu.readspeaker.com\/cgi-bin\/rsent?customerid=11662&amp;lang=de_de&amp;readid=rspeak_read_7669&amp;url=https%3A%2F%2Fwww.vpst-laubach.de%2Fwp%2Fwp-json%2Fwp%2Fv2%2Fpages%2F7669\">\n        <span class=\"rsbtn_left rsimg rspart\"><span class=\"rsbtn_text\"><span>Vorlesen<\/span><\/span><\/span>\n        <span class=\"rsbtn_right rsimg rsplay rspart\"><\/span>\n        <\/a><\/div><div id=\"rspeak_read_7669\"><table style=\"width: 100%;\">\n<tbody>\n<tr>\n<td style=\"width: 25px; height: 25px;\"><span style=\"font-family: arial, helvetica, sans-serif; font-size: 10pt;\"><div class=\"printomatic pom-small \" id=\"id3596\" data-print_target=\"article\"><\/div><\/span><\/td>\n<td style=\"width: 25px; height: 25px;\"><span style=\"font-family: arial, helvetica, sans-serif; font-size: 10pt;\"><a href=\"https:\/\/www.vpst-laubach.de\/wp\"><img loading=\"lazy\" decoding=\"async\" class=\"alignnone wp-image-947\" src=\"https:\/\/www.vpst-laubach.de\/wp\/wp-content\/uploads\/2016\/02\/home.png\" alt width=\"19\" height=\"19\"><\/a><\/span><\/td>\n<td style=\"width: 25px; height: 25px;\"><span style=\"font-family: arial, helvetica, sans-serif; font-size: 10pt;\"><img loading=\"lazy\" decoding=\"async\" class=\"wp-image-949 alignnone\" src=\"https:\/\/www.vpst-laubach.de\/wp\/wp-content\/uploads\/2016\/02\/like.png\" width=\"19\" height=\"19\"><\/span><\/td>\n<td style=\"width: 496.367px;\"><span style=\"font-family: arial, helvetica, sans-serif; font-size: 10pt;\">&nbsp; \/\u200b&nbsp;<a href=\"https:\/\/www.vpst-laubach.de\/wp\">\u00dcber uns<\/a> \/\u200b&nbsp; Der VPsT<\/span><\/td>\n<\/tr>\n<\/tbody>\n<\/table>\n<h1>Der VPsT<\/h1>\n<p style=\"text-align: justify;\"><img loading=\"lazy\" decoding=\"async\" class=\"size-medium wp-image-8245 alignleft\" src=\"https:\/\/www.vpst-laubach.de\/wp\/wp-content\/uploads\/2019\/02\/Der-VPsT-gro\u00df-300x188.jpg\" alt width=\"300\" height=\"188\"><span style=\"font-family: arial, helvetica, sans-serif; font-size: 10pt;\">Als fachlich anerkannter Tr\u00e4ger f\u00fcr integrierte psychosoziale Therapie im \u00f6stlichen Landkreis Gie\u00dfen greift der VPsT \u2013 Verein f\u00fcr Psychosoziale Therapie inzwischen auf eine \u00fcber 40 Jahre gewachsene Erfahrung zur\u00fcck.<\/span><strong><span style=\"font-family: arial, helvetica, sans-serif; font-size: 10pt;\"><br>\n<\/span><\/strong><\/p>\n<p style=\"text-align: justify;\"><span style=\"font-family: arial, helvetica, sans-serif; font-size: 10pt;\">Grundsatz unserer fachlichen Arbeit ist es, ratsuchenden Menschen ein individuell abgestimmtes Beratungs- und Betreuungsangebot bereitzustellen. Wir unterst\u00fctzen Personen beim Umgang mit sowohl lebenspraktischen Problemen als auch mit den zugrunde liegenden Lebensschwierigkeiten wie Suchtprobleme, aber auch psychische und soziale Schwierigkeiten. Ziel unserer Beratungs- und Unterst\u00fctzungsarbeit ist es, vorhandene \u2013 aber oft verborgene \u2013 individuelle Potenziale und Kompetenzen anzuregen, zu st\u00e4rken und damit den ratsuchenden Menschen eine neue Orientierung zu&nbsp;geben.<\/span><\/p>\n<p style=\"text-align: justify;\"><span style=\"font-family: arial, helvetica, sans-serif; font-size: 10pt;\">Die vielf\u00e4ltige Beratungs- und Betreuungsarbeit in Form von Sozialarbeit\/\u200bSozialp\u00e4dagogik sowie der Ergotherapie kann nur fundiert und zuverl\u00e4ssig von engagiertem und hierf\u00fcr ausgebildetem Personal geleistet werden. Dies gilt entsprechend f\u00fcr die Aufgabenbereiche in der Verwaltung. Eine enge Vernetzung und Kooperation mit anderen Einrichtungen in unserem Einzugsgebiet und dar\u00fcber hinaus dient der besseren Versorgung der Klienten und soll unter anderem Doppelbetreuungen vermeiden helfen.<br>\n<\/span><\/p>\n<hr>\n<table>\n<tbody>\n<tr>\n<td>\n<table class=\" alignleft\" style=\"height: 615px; width: 581px;\">\n<tbody>\n<tr style=\"height: 4px;\">\n<td style=\"width: 154px; height: 10px;\"><a href=\"https:\/\/www.vpst-laubach.de\/wp\/?page_id=1963\"><img loading=\"lazy\" decoding=\"async\" class=\"alignnone wp-image-3956 size-full\" src=\"https:\/\/www.vpst-laubach.de\/wp\/wp-content\/uploads\/2017\/01\/Geschichte-neu1.jpg\" alt width=\"150\" height=\"100\"><\/a><\/td>\n<td style=\"width: 439px; height: 10px;\">\n<h3><strong><a href=\"https:\/\/www.vpst-laubach.de\/wp\/?page_id=1963\">Geschichte<\/a><br>\n<\/strong><\/h3>\n<p style=\"text-align: justify;\"><span style=\"font-family: arial, helvetica, sans-serif; font-size: 10pt;\">Wann wurde der Verein gegr\u00fcndet und welche Rolle spielte Prof. Dr. Dr. Horst Eberhard Richter dabei?&nbsp; Diese und andere Fragen werden hier beantwortet&nbsp; <a href=\"https:\/\/www.vpst-laubach.de\/wp\/?page_id=1963\">mehr&gt;&gt;<\/a><\/span><\/p>\n<hr>\n<\/td>\n<\/tr>\n<tr style=\"height: 4px;\">\n<td style=\"width: 154px; height: 10px;\"><a href=\"https:\/\/www.vpst-laubach.de\/wp\/?page_id=41\"><img loading=\"lazy\" decoding=\"async\" class=\"alignnone wp-image-14778 size-full\" src=\"http:\/\/www.vpst-laubach.de\/wp\/wp-content\/uploads\/2023\/05\/Leitbild-1.jpg\" alt width=\"150\" height=\"100\"><\/a><\/td>\n<td style=\"width: 439px; height: 10px;\">\n<h3><a href=\"https:\/\/www.vpst-laubach.de\/wp\/?page_id=41\"><strong>Unser Leitbild<\/strong><\/a><\/h3>\n<p style=\"text-align: justify;\"><span style=\"font-family: arial, helvetica, sans-serif; font-size: 10pt;\" data-wahfont=\"13\">Mit unserem Leitbild formulieren wir Aufgaben und Ziele, St\u00e4rken und Kompetenzen sowie unser Teamverst\u00e4ndnis. Auch definiert es das Verh\u00e4ltnis zu unseren Kooperationspartnern sowie unsere <a href=\"https:\/\/www.vpst-laubach.de\/wp\/?page_id=41\">mehr&gt;&gt;<\/a><\/span><\/p>\n<hr>\n<\/td>\n<\/tr>\n<tr style=\"height: 24px;\">\n<td style=\"width: 158.283px; height: 24px;\"><a href=\"https:\/\/www.vpst-laubach.de\/wp\/der-vpst\/kinderschutz\/\"><img loading=\"lazy\" decoding=\"async\" class=\"alignnone wp-image-7227 size-full\" src=\"https:\/\/www.vpst-laubach.de\/wp\/wp-content\/uploads\/2018\/07\/Kinderschutz-klein.jpg\" alt width=\"150\" height=\"100\"><\/a><\/td>\n<td style=\"width: 406.717px; height: 24px;\">\n<h3><a href=\"https:\/\/www.vpst-laubach.de\/wp\/der-vpst\/kinderschutz\/\">Kinderschutz<\/a><\/h3>\n<p style=\"text-align: justify;\"><span style=\"font-family: arial, helvetica, sans-serif; font-size: 10pt;\">Kinder brauchen verl\u00e4ssliche und konstante Bezugspersonen, die ihnen Liebe, einf\u00fchlendes Verst\u00e4ndnis, Zuwendung und mit zunehmendem Alter eine Unterst\u00fctzung <a href=\"https:\/\/www.vpst-laubach.de\/wp\/der-vpst\/kinderschutz\/\">mehr&gt;&gt;<\/a><\/span><\/p>\n<hr>\n<\/td>\n<\/tr>\n<tr>\n<td style=\"width: 158.283px;\"><a href=\"https:\/\/www.vpst-laubach.de\/wp\/wp-content\/uploads\/2024\/11\/Organigramm-des-Vereins-2022.pdf\" target=\"_blank\" rel=\"noopener\"><img loading=\"lazy\" decoding=\"async\" class=\"alignnone wp-image-15243 size-full\" src=\"https:\/\/www.vpst-laubach.de\/wp\/wp-content\/uploads\/2024\/02\/Bereichsstruktur.jpg\" alt width=\"150\" height=\"100\"><\/a><\/td>\n<td style=\"width: 406.717px;\">\n<h3><a href=\"https:\/\/www.vpst-laubach.de\/wp\/wp-content\/uploads\/2024\/11\/Organigramm-des-Vereins-2022.pdf\" target=\"_blank\" rel=\"noopener\">Organigramm VPsT<\/a><\/h3>\n<div class=\"default-style\">\n<p><span style=\"font-family: arial, helvetica, sans-serif; font-size: 10pt;\">Hier finden Sie einen \u00fcbersichtlichen Einblick in die Strukturen unseres Vereins. Unser Organigramm zeigt Ihnen auf einen Blick, wie wir organisiert sind. <\/span><a href=\"https:\/\/www.vpst-laubach.de\/wp\/wp-content\/uploads\/2024\/11\/Organigramm-des-Vereins-2022.pdf\" target=\"_blank\" rel=\"noopener\"><span style=\"font-family: arial, helvetica, sans-serif; font-size: 10pt;\">Zum Organigramm &gt;&gt;<\/span><\/a><\/p>\n<hr>\n<\/div>\n<\/td>\n<\/tr>\n<\/tbody>\n<\/table>\n<\/td>\n<\/tr>\n<\/tbody>\n<\/table>\n<p>&nbsp;<\/p>\n<\/div>","protected":false},"excerpt":{"rendered":"<!-- RS_MODULE_CODE_2.4.6 --><div id=\"readspeaker_button7669\" class=\"rs_skip rsbtn rs_preserve\"><a class=\"rsbtn_play\" title=\"Um den Text anzuh\u00f6ren, verwenden Sie bitte ReadSpeaker\" accesskey=\"L\" href=\"\/\/app-eu.readspeaker.com\/cgi-bin\/rsent?customerid=11662&amp;lang=de_de&amp;readid=rspeak_read_7669&amp;url=https%3A%2F%2Fwww.vpst-laubach.de%2Fwp%2Fwp-json%2Fwp%2Fv2%2Fpages%2F7669\">\n        <span class=\"rsbtn_left rsimg rspart\"><span class=\"rsbtn_text\"><span>Vorlesen<\/span><\/span><\/span>\n        <span class=\"rsbtn_right rsimg rsplay rspart\"><\/span>\n        <\/a><\/div><div id=\"rspeak_read_7669\"><p> &nbsp; \/\u200b\u200b&nbsp;\u00dcber uns \/\u200b\u200b&nbsp; Der VPsT Der VPsT Als fachlich anerkannter Tr\u00e4ger f\u00fcr integrierte psychosoziale Therapie im \u00f6stlichen Landkreis Gie\u00dfen greift der VPsT \u2013 Verein f\u00fcr Psychosoziale Therapie inzwischen <a class=\"more-link\" href=\"https:\/\/www.vpst-laubach.de\/wp\/der-vpst\/\">weiterlesen \u2192<\/a><\/p>\n<\/div>","protected":false},"author":3,"featured_media":0,"parent":0,"menu_order":2,"comment_status":"closed","ping_status":"closed","template":"","meta":{"wp_typography_post_enhancements_disabled":false,"footnotes":""},"class_list":["post-7669","page","type-page","status-publish","hentry"],"_links":{"self":[{"href":"https:\/\/www.vpst-laubach.de\/wp\/wp-json\/wp\/v2\/pages\/7669","targetHints":{"allow":["GET"]}}],"collection":[{"href":"https:\/\/www.vpst-laubach.de\/wp\/wp-json\/wp\/v2\/pages"}],"about":[{"href":"https:\/\/www.vpst-laubach.de\/wp\/wp-json\/wp\/v2\/types\/page"}],"author":[{"embeddable":true,"href":"https:\/\/www.vpst-laubach.de\/wp\/wp-json\/wp\/v2\/users\/3"}],"replies":[{"embeddable":true,"href":"https:\/\/www.vpst-laubach.de\/wp\/wp-json\/wp\/v2\/comments?post=7669"}],"version-history":[{"count":39,"href":"https:\/\/www.vpst-laubach.de\/wp\/wp-json\/wp\/v2\/pages\/7669\/revisions"}],"predecessor-version":[{"id":15652,"href":"https:\/\/www.vpst-laubach.de\/wp\/wp-json\/wp\/v2\/pages\/7669\/revisions\/15652"}],"wp:attachment":[{"href":"https:\/\/www.vpst-laubach.de\/wp\/wp-json\/wp\/v2\/media?parent=7669"}],"curies":[{"name":"wp","href":"https:\/\/api.w.org\/{rel}","templated":true}]}}

<!-- RS_MODULE_CODE_2.4.6 --><div id="readspeaker_button7669" class="rs_skip rsbtn rs_preserve"><a class="rsbtn_play" title="Um den Text anzuhören, verwenden Sie bitte ReadSpeaker" accesskey="L" href="//app-eu.readspeaker.com/cgi-bin/rsent?customerid=11662&amp;lang=de_de&amp;readid=rspeak_read_7669&amp;url=https%3A%2F%2Fwww.vpst-laubach.de%2Fwp%2Fwp-json%2Fwp%2Fv2%2Fpages%2F7669">
        <span class="rsbtn_left rsimg rspart"><span class="rsbtn_text"><span>Vorlesen</span></span></span>
        <span class="rsbtn_right rsimg rsplay rspart"></span>
        </a></div><div id="rspeak_read_7669"><table style="width: 100%;">
<tbody>
<tr>
<td style="width: 25px; height: 25px;"><span style="font-family: arial, helvetica, sans-serif; font-size: 10pt;"><div class="printomatic pom-small " id="id3596" data-print_target="article"></div></span></td>
<td style="width: 25px; height: 25px;"><span style="font-family: arial, helvetica, sans-serif; font-size: 10pt;"><a href="https://www.vpst-laubach.de/wp"><img loading="lazy" decoding="async" class="alignnone wp-image-947" src="https://www.vpst-laubach.de/wp/wp-content/uploads/2016/02/home.png" alt width="19" height="19"></a></span></td>
<td style="width: 25px; height: 25px;"><span style="font-family: arial, helvetica, sans-serif; font-size: 10pt;"><img loading="lazy" decoding="async" class="wp-image-949 alignnone" src="https://www.vpst-laubach.de/wp/wp-content/uploads/2016/02/like.png" width="19" height="19"></span></td>
<td style="width: 496.367px;"><span style="font-family: arial, helvetica, sans-serif; font-size: 10pt;">&nbsp; /​&nbsp;<a href="https://www.vpst-laubach.de/wp">Über uns</a> /​&nbsp; Der VPsT</span></td>
</tr>
</tbody>
</table>
<h1>Der VPsT</h1>
<p style="text-align: justify;"><img loading="lazy" decoding="async" class="size-medium wp-image-8245 alignleft" src="https://www.vpst-laubach.de/wp/wp-content/uploads/2019/02/Der-VPsT-groß-300x188.jpg" alt width="300" height="188"><span style="font-family: arial, helvetica, sans-serif; font-size: 10pt;">Als fachlich anerkannter Träger für integrierte psychosoziale Therapie im östlichen Landkreis Gießen greift der VPsT – Verein für Psychosoziale Therapie inzwischen auf eine über 40 Jahre gewachsene Erfahrung zurück.</span><strong><span style="font-family: arial, helvetica, sans-serif; font-size: 10pt;"><br>
</span></strong></p>
<p style="text-align: justify;"><span style="font-family: arial, helvetica, sans-serif; font-size: 10pt;">Grundsatz unserer fachlichen Arbeit ist es, ratsuchenden Menschen ein individuell abgestimmtes Beratungs- und Betreuungsangebot bereitzustellen. Wir unterstützen Personen beim Umgang mit sowohl lebenspraktischen Problemen als auch mit den zugrunde liegenden Lebensschwierigkeiten wie Suchtprobleme, aber auch psychische und soziale Schwierigkeiten. Ziel unserer Beratungs- und Unterstützungsarbeit ist es, vorhandene – aber oft verborgene – individuelle Potenziale und Kompetenzen anzuregen, zu stärken und damit den ratsuchenden Menschen eine neue Orientierung zu&nbsp;geben.</span></p>
<p style="text-align: justify;"><span style="font-family: arial, helvetica, sans-serif; font-size: 10pt;">Die vielfältige Beratungs- und Betreuungsarbeit in Form von Sozialarbeit/​Sozialpädagogik sowie der Ergotherapie kann nur fundiert und zuverlässig von engagiertem und hierfür ausgebildetem Personal geleistet werden. Dies gilt entsprechend für die Aufgabenbereiche in der Verwaltung. Eine enge Vernetzung und Kooperation mit anderen Einrichtungen in unserem Einzugsgebiet und darüber hinaus dient der besseren Versorgung der Klienten und soll unter anderem Doppelbetreuungen vermeiden helfen.<br>
</span></p>
<hr>
<table>
<tbody>
<tr>
<td>
<table class=" alignleft" style="height: 615px; width: 581px;">
<tbody>
<tr style="height: 4px;">
<td style="width: 154px; height: 10px;"><a href="https://www.vpst-laubach.de/wp/?page_id=1963"><img loading="lazy" decoding="async" class="alignnone wp-image-3956 size-full" src="https://www.vpst-laubach.de/wp/wp-content/uploads/2017/01/Geschichte-neu1.jpg" alt width="150" height="100"></a></td>
<td style="width: 439px; height: 10px;">
<h3><strong><a href="https://www.vpst-laubach.de/wp/?page_id=1963">Geschichte</a><br>
</strong></h3>
<p style="text-align: justify;"><span style="font-family: arial, helvetica, sans-serif; font-size: 10pt;">Wann wurde der Verein gegründet und welche Rolle spielte Prof. Dr. Dr. Horst Eberhard Richter dabei?&nbsp; Diese und andere Fragen werden hier beantwortet&nbsp; <a href="https://www.vpst-laubach.de/wp/?page_id=1963">mehr&gt;&gt;</a></span></p>
<hr>
</td>
</tr>
<tr style="height: 4px;">
<td style="width: 154px; height: 10px;"><a href="https://www.vpst-laubach.de/wp/?page_id=41"><img loading="lazy" decoding="async" class="alignnone wp-image-14778 size-full" src="http://www.vpst-laubach.de/wp/wp-content/uploads/2023/05/Leitbild-1.jpg" alt width="150" height="100"></a></td>
<td style="width: 439px; height: 10px;">
<h3><a href="https://www.vpst-laubach.de/wp/?page_id=41"><strong>Unser Leitbild</strong></a></h3>
<p style="text-align: justify;"><span style="font-family: arial, helvetica, sans-serif; font-size: 10pt;" data-wahfont="13">Mit unserem Leitbild formulieren wir Aufgaben und Ziele, Stärken und Kompetenzen sowie unser Teamverständnis. Auch definiert es das Verhältnis zu unseren Kooperationspartnern sowie unsere <a href="https://www.vpst-laubach.de/wp/?page_id=41">mehr&gt;&gt;</a></span></p>
<hr>
</td>
</tr>
<tr style="height: 24px;">
<td style="width: 158.283px; height: 24px;"><a href="https://www.vpst-laubach.de/wp/der-vpst/kinderschutz/"><img loading="lazy" decoding="async" class="alignnone wp-image-7227 size-full" src="https://www.vpst-laubach.de/wp/wp-content/uploads/2018/07/Kinderschutz-klein.jpg" alt width="150" height="100"></a></td>
<td style="width: 406.717px; height: 24px;">
<h3><a href="https://www.vpst-laubach.de/wp/der-vpst/kinderschutz/">Kinderschutz</a></h3>
<p style="text-align: justify;"><span style="font-family: arial, helvetica, sans-serif; font-size: 10pt;">Kinder brauchen verlässliche und konstante Bezugspersonen, die ihnen Liebe, einfühlendes Verständnis, Zuwendung und mit zunehmendem Alter eine Unterstützung <a href="https://www.vpst-laubach.de/wp/der-vpst/kinderschutz/">mehr&gt;&gt;</a></span></p>
<hr>
</td>
</tr>
<tr>
<td style="width: 158.283px;"><a href="https://www.vpst-laubach.de/wp/wp-content/uploads/2024/11/Organigramm-des-Vereins-2022.pdf" target="_blank" rel="noopener"><img loading="lazy" decoding="async" class="alignnone wp-image-15243 size-full" src="https://www.vpst-laubach.de/wp/wp-content/uploads/2024/02/Bereichsstruktur.jpg" alt width="150" height="100"></a></td>
<td style="width: 406.717px;">
<h3><a href="https://www.vpst-laubach.de/wp/wp-content/uploads/2024/11/Organigramm-des-Vereins-2022.pdf" target="_blank" rel="noopener">Organigramm VPsT</a></h3>
<div class="default-style">
<p><span style="font-family: arial, helvetica, sans-serif; font-size: 10pt;">Hier finden Sie einen übersichtlichen Einblick in die Strukturen unseres Vereins. Unser Organigramm zeigt Ihnen auf einen Blick, wie wir organisiert sind. </span><a href="https://www.vpst-laubach.de/wp/wp-content/uploads/2024/11/Organigramm-des-Vereins-2022.pdf" target="_blank" rel="noopener"><span style="font-family: arial, helvetica, sans-serif; font-size: 10pt;">Zum Organigramm &gt;&gt;</span></a></p>
<hr>
</div>
</td>
</tr>
</tbody>
</table>
</td>
</tr>
</tbody>
</table>
<p>&nbsp;</p>
</div>

<!-- RS_MODULE_CODE_2.4.6 --><div id="readspeaker_button7669" class="rs_skip rsbtn rs_preserve"><a class="rsbtn_play" title="Um den Text anzuhören, verwenden Sie bitte ReadSpeaker" accesskey="L" href="//app-eu.readspeaker.com/cgi-bin/rsent?customerid=11662&amp;lang=de_de&amp;readid=rspeak_read_7669&amp;url=https%3A%2F%2Fwww.vpst-laubach.de%2Fwp%2Fwp-json%2Fwp%2Fv2%2Fpages%2F7669">
        <span class="rsbtn_left rsimg rspart"><span class="rsbtn_text"><span>Vorlesen</span></span></span>
        <span class="rsbtn_right rsimg rsplay rspart"></span>
        </a></div><div id="rspeak_read_7669"><p> &nbsp; /​​&nbsp;Über uns /​​&nbsp; Der VPsT Der VPsT Als fachlich anerkannter Träger für integrierte psychosoziale Therapie im östlichen Landkreis Gießen greift der VPsT – Verein für Psychosoziale Therapie inzwischen <a class="more-link" href="https://www.vpst-laubach.de/wp/der-vpst/">weiterlesen →</a></p>
</div>
