{"id":14735,"date":"2023-05-05T10:19:40","date_gmt":"2023-05-05T08:19:40","guid":{"rendered":"https:\/\/www.vpst-laubach.de\/wp\/?page_id=14735"},"modified":"2023-05-16T17:25:08","modified_gmt":"2023-05-16T15:25:08","slug":"dm-drogeriemarkt-spendet","status":"publish","type":"page","link":"https:\/\/www.vpst-laubach.de\/wp\/aktuelles\/dm-drogeriemarkt-spendet\/","title":{"rendered":"dm-\u200bDrogeriemarkt spendet&nbsp;\u2026"},"content":{"rendered":"<!-- RS_MODULE_CODE_2.4.6 --><div id=\"readspeaker_button14735\" class=\"rs_skip rsbtn rs_preserve\"><a class=\"rsbtn_play\" title=\"Um den Text anzuh\u00f6ren, verwenden Sie bitte ReadSpeaker\" accesskey=\"L\" href=\"\/\/app-eu.readspeaker.com\/cgi-bin\/rsent?customerid=11662&amp;lang=de_de&amp;readid=rspeak_read_14735&amp;url=https%3A%2F%2Fwww.vpst-laubach.de%2Fwp%2Fwp-json%2Fwp%2Fv2%2Fpages%2F14735\">\n        <span class=\"rsbtn_left rsimg rspart\"><span class=\"rsbtn_text\"><span>Vorlesen<\/span><\/span><\/span>\n        <span class=\"rsbtn_right rsimg rsplay rspart\"><\/span>\n        <\/a><\/div><div id=\"rspeak_read_14735\"><table style=\"width: 100%;\">\n<tbody>\n<tr>\n<td style=\"width: 25px; height: 25px;\"><span style=\"font-family: arial, helvetica, sans-serif; font-size: 10pt;\"><div class=\"printomatic pom-small \" id=\"id3985\" data-print_target=\"article\"><\/div><\/span><\/td>\n<td style=\"width: 25px; height: 25px;\"><span style=\"font-family: arial, helvetica, sans-serif; font-size: 10pt;\"><a href=\"https:\/\/www.vpst-laubach.de\/wp\"><img loading=\"lazy\" decoding=\"async\" class=\"alignnone wp-image-947\" src=\"https:\/\/www.vpst-laubach.de\/wp\/wp-content\/uploads\/2016\/02\/home.png\" alt width=\"19\" height=\"19\"><\/a><\/span><\/td>\n<td style=\"width: 25px; height: 25px;\"><span style=\"font-family: arial, helvetica, sans-serif; font-size: 10pt;\"><img loading=\"lazy\" decoding=\"async\" class=\"wp-image-949 alignnone\" src=\"https:\/\/www.vpst-laubach.de\/wp\/wp-content\/uploads\/2016\/02\/like.png\" width=\"19\" height=\"19\"><\/span><\/td>\n<td style=\"width: 86.8244%;\"><span style=\"font-family: arial, helvetica, sans-serif; font-size: 10pt;\"> \/\u200b <a href=\"https:\/\/www.vpst-laubach.de\/wp\/\">\u00dcber uns<\/a> \/\u200b <a href=\"https:\/\/www.vpst-laubach.de\/wp\/aktuelles\/\">Aktuelles<\/a> \/\u200b dm-\u200bDrogeriemarkt spendet&nbsp;\u2026<br>\n<\/span><\/td>\n<\/tr>\n<\/tbody>\n<\/table>\n<h1><span style=\"font-family: arial, helvetica, sans-serif;\"><a id=\"dm\"><\/a>dm-\u200bDrogeriemarkt spendet f\u00fcr rund&nbsp;3000<br>\nZukunftsprojekte und der VPsT ist eines&nbsp;davon<\/span><\/h1>\n<p style=\"text-align: center;\"><span style=\"font-size: 12pt; font-family: arial, helvetica, sans-serif; color: #3366ff;\"><span style=\"color: #999999;\">Am 19.05. trifft man uns in der dm-\u200bFiliale, G\u00f6belnr\u00f6der Stra\u00dfe 3,<br>\n35305 Gr\u00fcnberg an<\/span> <\/span><\/p>\n<p>&nbsp;<\/p>\n<div data-canvas-width=\"568.8173333333332\">\n<p><u><b><img loading=\"lazy\" decoding=\"async\" class=\" wp-image-14737 alignleft\" src=\"https:\/\/www.vpst-laubach.de\/wp\/wp-content\/uploads\/2023\/05\/50_Jahre_Badge_Insta_1-300x300.png\" alt width=\"194\" height=\"194\" srcset=\"https:\/\/www.vpst-laubach.de\/wp\/wp-content\/uploads\/2023\/05\/50_Jahre_Badge_Insta_1-300x300.png 300w, https:\/\/www.vpst-laubach.de\/wp\/wp-content\/uploads\/2023\/05\/50_Jahre_Badge_Insta_1-1024x1024.png 1024w, https:\/\/www.vpst-laubach.de\/wp\/wp-content\/uploads\/2023\/05\/50_Jahre_Badge_Insta_1-150x150.png 150w, https:\/\/www.vpst-laubach.de\/wp\/wp-content\/uploads\/2023\/05\/50_Jahre_Badge_Insta_1-1536x1536.png 1536w, https:\/\/www.vpst-laubach.de\/wp\/wp-content\/uploads\/2023\/05\/50_Jahre_Badge_Insta_1-2048x2048.png 2048w\" sizes=\"auto, (max-width: 194px) 100vw, 194px\"><\/b><\/u><\/p>\n<p><span style=\"font-family: arial, helvetica, sans-serif; font-size: 10pt;\">Unter dem Motto \u201eLust auf Zukunft\u201c feiert dm-\u200bDrogeriemarkt 2023 seinen 50. Geburtstag und nimmt diesen zum Anlass, m\u00f6glichst viele Menschen in Deutschland in den Dialog zu Zukunftsthemen zu bringen. Denn aus Dialog entstehen neue Impulse und Ideen, die wir brauchen, um die Zukunft gemeinsam zu gestalten. Den Auftakt dazu bildet die Unterst\u00fctzung von rund 3.000 Zukunftsprojekten.&nbsp;<\/span><\/p>\n<p><span style=\"font-family: arial, helvetica, sans-serif; font-size: 10pt;\">Vom 19. bis 31. Mai bereiten die mehr als 2.000\u202fdm-\u200bM\u00e4rkte in Deutschland Organisationen, Projekten und Vereinen in ihrem Umfeld, die sich f\u00fcr Zukunftsthemen einsetzen, die B\u00fchne und unterst\u00fctzen sie mit einer Spende. <\/span><span style=\"font-family: arial, helvetica, sans-serif; font-size: 10pt;\">Denn dort engagieren sich Menschen tagt\u00e4glich f\u00fcr unsere Gesellschaft und leisten damit einen wichtigen Beitrag f\u00fcr unser Zusammenleben \u2013 jetzt und in Zukunft.<\/span><\/p>\n<p><span style=\"font-family: arial, helvetica, sans-serif;\"><br>\n<u><b>Die Spendenaktion<\/b><\/u><\/span><\/p>\n<p><span style=\"font-family: arial, helvetica, sans-serif; font-size: 10pt;\">Im Aktionszeitraum k\u00f6nnen sich je zwei Projekte in den dm-\u200bM\u00e4rkten vorstellen und Kundinnen und Kunden haben vor Ort die M\u00f6glichkeit, f\u00fcr ihren Favoriten abzustimmen. Das Projekt mit mehr Stimmen wird von dem jeweiligen dm-\u200bMarkt mit einer Spendensumme in H\u00f6he von 600 Euro unterst\u00fctzt. Das zweitplatzierte Projekt wird mit jeweils 400 Euro unterst\u00fctzt. Online k\u00f6nnen Kundinnen und Kunden zwischen zwei Projekten von langj\u00e4hrigen dm-\u200bKooperationspartnern abstimmen. Das Erstplatzierte f\u00f6rdert dm mit 10.000 Euro, das Zweitplatzierte mit 5.000 Euro. Mehr Informationen gibt es unter https:\/\/www.dm.de\/neu\/lust-auf-zukunft-zukunftsinitiative\/zukunftsprojekte.<br>\n<\/span><\/p>\n<p><span style=\"font-size: 10pt; font-family: arial, helvetica, sans-serif;\">Wir freuen uns sehr, dass der VPsT dieses Jahr als eines der Zukunftsprojekte Teil von \u201eLust auf Zukunft\u201c ist und dm-\u200bDrogeriemarkt seine Plattform und Unterst\u00fctzung anbietet. Dies ist eine tolle Gelegenheit, die Arbeit des VPsT in der Region vorzustellen. <b>Pers\u00f6nlich trifft man uns am 19.05. im<\/b><b> dm-\u200bMarkt in der G\u00f6blenr\u00f6der Stra\u00dfe 3\u202fin 35305 Gr\u00fcnberg <\/b><b>an.<\/b><b> <\/b>Wer uns unterst\u00fctzen m\u00f6chte, kann dort seine Stimme abgeben. <\/span><span style=\"font-size: 10pt; font-family: arial, helvetica, sans-serif;\">Wir freuen uns auf Euer kommen.<\/span><\/p>\n<\/div>\n<p><span data-wahfont=\"13\"><a href=\"https:\/\/www.vpst-laubach.de\/wp\/aktuelles\/\" data-wahfont=\"13\"><span style=\"font-family: arial, helvetica, sans-serif; font-size: 10pt;\">Zur\u00fcck zu \u201cAktuelles\u201d &gt;&gt;<\/span><\/a><\/span><\/p>\n<div class=\"vrm-ads__wrapper\" style=\"text-align: justify;\">\n<hr>\n<\/div>\n<p><img loading=\"lazy\" decoding=\"async\" class=\"size-full wp-image-7261 alignleft\" src=\"https:\/\/www.vpst-laubach.de\/wp\/wp-content\/uploads\/2018\/07\/trennline_neu.jpg\" alt width=\"780\" height=\"80\"><\/p>\n<table class=\" alignleft\" style=\"width: 603px;\">\n<tbody>\n<tr>\n<td>\n<table class=\" alignleft\" style=\"width: 581px;\">\n<tbody>\n<tr>\n<td style=\"width: 154px;\"><a href=\"https:\/\/www.vpst-laubach.de\/wp\/?page_id=1963\"><img loading=\"lazy\" decoding=\"async\" class=\"alignnone wp-image-3956 size-full\" src=\"https:\/\/www.vpst-laubach.de\/wp\/wp-content\/uploads\/2017\/01\/Geschichte-neu1.jpg\" alt width=\"150\" height=\"100\"><\/a><\/td>\n<td style=\"width: 439px;\">\n<div style=\"text-align: justify;\">\n<h3><span style=\"font-family: arial, helvetica, sans-serif;\"><a href=\"https:\/\/www.vpst-laubach.de\/wp\/?page_id=1963\">Geschichte<\/a><\/span><strong><br>\n<\/strong><\/h3>\n<p><span style=\"font-family: arial, helvetica, sans-serif; font-size: 10pt;\">Wann wurde der Verein gegr\u00fcndet und welche Rolle spielte Prof. Dr. Dr. Horst Eberhard Richter dabei?&nbsp; Diese und andere Fragen werden hier beantwortet&nbsp; <\/span><a href=\"https:\/\/www.vpst-laubach.de\/wp\/?page_id=1963\"><span style=\"font-family: arial, helvetica, sans-serif; font-size: 10pt;\">mehr&gt;&gt;<\/span><\/a><\/p>\n<hr>\n<\/div>\n<\/td>\n<\/tr>\n<tr>\n<td style=\"width: 154px;\"><a href=\"https:\/\/www.vpst-laubach.de\/wp\/ueber-uns\/der-vpst\/\"><img loading=\"lazy\" decoding=\"async\" class=\"alignnone wp-image-8243 size-full\" src=\"https:\/\/www.vpst-laubach.de\/wp\/wp-content\/uploads\/2019\/02\/Der-VPsT-klein-NEU.jpg\" alt width=\"150\" height=\"100\"><\/a><\/td>\n<td style=\"width: 439px;\">\n<div>\n<div>\n<h3 data-wahfont=\"14\"><span style=\"font-family: arial, helvetica, sans-serif;\"><a href=\"https:\/\/www.vpst-laubach.de\/wp\/ueber-uns\/der-vpst\/\">Der VPsT<\/a><\/span><\/h3>\n<p><span style=\"font-family: arial, helvetica, sans-serif; font-size: 10pt;\">Der Verein greift auf eine \u00fcber 40-\u200bj\u00e4hrige Erfahrung in der Region zur\u00fcck. Das w\u00e4re nicht m\u00f6glich gewesen ohne seine engagierten Mitarbeiter*innen, vielf\u00e4ltigen Kooperationspartner und vielem <\/span><a href=\"https:\/\/www.vpst-laubach.de\/wp\/ueber-uns\/der-vpst\/\"><span style=\"font-family: arial, helvetica, sans-serif; font-size: 10pt;\">mehr&gt;&gt;<\/span><\/a><\/p>\n<\/div>\n<\/div>\n<hr>\n<\/td>\n<\/tr>\n<tr>\n<td style=\"width: 154px;\"><a href=\"https:\/\/www.vpst-laubach.de\/wp\/?page_id=3025\"><img loading=\"lazy\" decoding=\"async\" class=\"wp-image-3596 size-full alignnone\" src=\"https:\/\/www.vpst-laubach.de\/wp\/wp-content\/uploads\/2016\/01\/was-wir-tun-4-klein.jpg\" alt width=\"150\" height=\"100\"><\/a><\/td>\n<td style=\"width: 439px;\">\n<div>\n<h3 data-wahfont=\"20\"><a href=\"https:\/\/www.vpst-laubach.de\/wp\/?page_id=3025\"><strong>Was wir&nbsp;tun<\/strong><\/a><\/h3>\n<p data-wahfont=\"14\"><span data-wahfont=\"14\"><span style=\"font-size: 10pt; font-family: arial, helvetica, sans-serif;\">Was ist ein \u201eZentrum f\u00fcr psychosoziale Therapie\u201c oder was bedeutet f\u00fcr uns der \u201eGrundsatz der Gemeinden\u00e4he\u201c. Wenn Sie mehr dar\u00fcber erfahren wollen, dann schauen Sie mal <\/span><a href=\"https:\/\/www.vpst-laubach.de\/wp\/?page_id=3025\"><span style=\"font-size: 10pt; font-family: arial, helvetica, sans-serif;\">hier&gt;&gt;<\/span><\/a><\/span><\/p>\n<hr>\n<p data-wahfont=\"13\">\n<\/p><\/div>\n<\/td>\n<\/tr>\n<\/tbody>\n<\/table>\n<\/td>\n<\/tr>\n<\/tbody>\n<\/table>\n<p>&nbsp;<\/p>\n<p>&nbsp;<\/p>\n<p>&nbsp;<\/p>\n<p>&nbsp;<\/p>\n<p>&nbsp;<\/p>\n<\/div>","protected":false},"excerpt":{"rendered":"<!-- RS_MODULE_CODE_2.4.6 --><div id=\"readspeaker_button14735\" class=\"rs_skip rsbtn rs_preserve\"><a class=\"rsbtn_play\" title=\"Um den Text anzuh\u00f6ren, verwenden Sie bitte ReadSpeaker\" accesskey=\"L\" href=\"\/\/app-eu.readspeaker.com\/cgi-bin\/rsent?customerid=11662&amp;lang=de_de&amp;readid=rspeak_read_14735&amp;url=https%3A%2F%2Fwww.vpst-laubach.de%2Fwp%2Fwp-json%2Fwp%2Fv2%2Fpages%2F14735\">\n        <span class=\"rsbtn_left rsimg rspart\"><span class=\"rsbtn_text\"><span>Vorlesen<\/span><\/span><\/span>\n        <span class=\"rsbtn_right rsimg rsplay rspart\"><\/span>\n        <\/a><\/div><div id=\"rspeak_read_14735\"><p> \/\u200b\u200b \u00dcber uns \/\u200b\u200b Aktuelles \/\u200b\u200b dm-\u200b\u200bDrogeriemarkt spendet&nbsp;\u2026 dm-\u200b\u200bDrogeriemarkt spendet f\u00fcr rund&nbsp;3000 Zukunftsprojekte und der VPsT ist eines&nbsp;davon Am 19.05. trifft man uns in der dm-\u200b\u200bFiliale, G\u00f6belnr\u00f6der Stra\u00dfe 3, <a class=\"more-link\" href=\"https:\/\/www.vpst-laubach.de\/wp\/aktuelles\/dm-drogeriemarkt-spendet\/\">weiterlesen \u2192<\/a><\/p>\n<\/div>","protected":false},"author":3,"featured_media":0,"parent":27,"menu_order":0,"comment_status":"closed","ping_status":"closed","template":"","meta":{"wp_typography_post_enhancements_disabled":false,"footnotes":""},"class_list":["post-14735","page","type-page","status-publish","hentry"],"_links":{"self":[{"href":"https:\/\/www.vpst-laubach.de\/wp\/wp-json\/wp\/v2\/pages\/14735","targetHints":{"allow":["GET"]}}],"collection":[{"href":"https:\/\/www.vpst-laubach.de\/wp\/wp-json\/wp\/v2\/pages"}],"about":[{"href":"https:\/\/www.vpst-laubach.de\/wp\/wp-json\/wp\/v2\/types\/page"}],"author":[{"embeddable":true,"href":"https:\/\/www.vpst-laubach.de\/wp\/wp-json\/wp\/v2\/users\/3"}],"replies":[{"embeddable":true,"href":"https:\/\/www.vpst-laubach.de\/wp\/wp-json\/wp\/v2\/comments?post=14735"}],"version-history":[{"count":17,"href":"https:\/\/www.vpst-laubach.de\/wp\/wp-json\/wp\/v2\/pages\/14735\/revisions"}],"predecessor-version":[{"id":14758,"href":"https:\/\/www.vpst-laubach.de\/wp\/wp-json\/wp\/v2\/pages\/14735\/revisions\/14758"}],"up":[{"embeddable":true,"href":"https:\/\/www.vpst-laubach.de\/wp\/wp-json\/wp\/v2\/pages\/27"}],"wp:attachment":[{"href":"https:\/\/www.vpst-laubach.de\/wp\/wp-json\/wp\/v2\/media?parent=14735"}],"curies":[{"name":"wp","href":"https:\/\/api.w.org\/{rel}","templated":true}]}}

<!-- RS_MODULE_CODE_2.4.6 --><div id="readspeaker_button14735" class="rs_skip rsbtn rs_preserve"><a class="rsbtn_play" title="Um den Text anzuhören, verwenden Sie bitte ReadSpeaker" accesskey="L" href="//app-eu.readspeaker.com/cgi-bin/rsent?customerid=11662&amp;lang=de_de&amp;readid=rspeak_read_14735&amp;url=https%3A%2F%2Fwww.vpst-laubach.de%2Fwp%2Fwp-json%2Fwp%2Fv2%2Fpages%2F14735">
        <span class="rsbtn_left rsimg rspart"><span class="rsbtn_text"><span>Vorlesen</span></span></span>
        <span class="rsbtn_right rsimg rsplay rspart"></span>
        </a></div><div id="rspeak_read_14735"><table style="width: 100%;">
<tbody>
<tr>
<td style="width: 25px; height: 25px;"><span style="font-family: arial, helvetica, sans-serif; font-size: 10pt;"><div class="printomatic pom-small " id="id3985" data-print_target="article"></div></span></td>
<td style="width: 25px; height: 25px;"><span style="font-family: arial, helvetica, sans-serif; font-size: 10pt;"><a href="https://www.vpst-laubach.de/wp"><img loading="lazy" decoding="async" class="alignnone wp-image-947" src="https://www.vpst-laubach.de/wp/wp-content/uploads/2016/02/home.png" alt width="19" height="19"></a></span></td>
<td style="width: 25px; height: 25px;"><span style="font-family: arial, helvetica, sans-serif; font-size: 10pt;"><img loading="lazy" decoding="async" class="wp-image-949 alignnone" src="https://www.vpst-laubach.de/wp/wp-content/uploads/2016/02/like.png" width="19" height="19"></span></td>
<td style="width: 86.8244%;"><span style="font-family: arial, helvetica, sans-serif; font-size: 10pt;"> /​ <a href="https://www.vpst-laubach.de/wp/">Über uns</a> /​ <a href="https://www.vpst-laubach.de/wp/aktuelles/">Aktuelles</a> /​ dm-​Drogeriemarkt spendet&nbsp;…<br>
</span></td>
</tr>
</tbody>
</table>
<h1><span style="font-family: arial, helvetica, sans-serif;"><a id="dm"></a>dm-​Drogeriemarkt spendet für rund&nbsp;3000<br>
Zukunftsprojekte und der VPsT ist eines&nbsp;davon</span></h1>
<p style="text-align: center;"><span style="font-size: 12pt; font-family: arial, helvetica, sans-serif; color: #3366ff;"><span style="color: #999999;">Am 19.05. trifft man uns in der dm-​Filiale, Göbelnröder Straße 3,<br>
35305 Grünberg an</span> </span></p>
<p>&nbsp;</p>
<div data-canvas-width="568.8173333333332">
<p><u><b><img loading="lazy" decoding="async" class=" wp-image-14737 alignleft" src="https://www.vpst-laubach.de/wp/wp-content/uploads/2023/05/50_Jahre_Badge_Insta_1-300x300.png" alt width="194" height="194" srcset="https://www.vpst-laubach.de/wp/wp-content/uploads/2023/05/50_Jahre_Badge_Insta_1-300x300.png 300w, https://www.vpst-laubach.de/wp/wp-content/uploads/2023/05/50_Jahre_Badge_Insta_1-1024x1024.png 1024w, https://www.vpst-laubach.de/wp/wp-content/uploads/2023/05/50_Jahre_Badge_Insta_1-150x150.png 150w, https://www.vpst-laubach.de/wp/wp-content/uploads/2023/05/50_Jahre_Badge_Insta_1-1536x1536.png 1536w, https://www.vpst-laubach.de/wp/wp-content/uploads/2023/05/50_Jahre_Badge_Insta_1-2048x2048.png 2048w" sizes="auto, (max-width: 194px) 100vw, 194px"></b></u></p>
<p><span style="font-family: arial, helvetica, sans-serif; font-size: 10pt;">Unter dem Motto „Lust auf Zukunft“ feiert dm-​Drogeriemarkt 2023 seinen 50. Geburtstag und nimmt diesen zum Anlass, möglichst viele Menschen in Deutschland in den Dialog zu Zukunftsthemen zu bringen. Denn aus Dialog entstehen neue Impulse und Ideen, die wir brauchen, um die Zukunft gemeinsam zu gestalten. Den Auftakt dazu bildet die Unterstützung von rund 3.000 Zukunftsprojekten.&nbsp;</span></p>
<p><span style="font-family: arial, helvetica, sans-serif; font-size: 10pt;">Vom 19. bis 31. Mai bereiten die mehr als 2.000 dm-​Märkte in Deutschland Organisationen, Projekten und Vereinen in ihrem Umfeld, die sich für Zukunftsthemen einsetzen, die Bühne und unterstützen sie mit einer Spende. </span><span style="font-family: arial, helvetica, sans-serif; font-size: 10pt;">Denn dort engagieren sich Menschen tagtäglich für unsere Gesellschaft und leisten damit einen wichtigen Beitrag für unser Zusammenleben – jetzt und in Zukunft.</span></p>
<p><span style="font-family: arial, helvetica, sans-serif;"><br>
<u><b>Die Spendenaktion</b></u></span></p>
<p><span style="font-family: arial, helvetica, sans-serif; font-size: 10pt;">Im Aktionszeitraum können sich je zwei Projekte in den dm-​Märkten vorstellen und Kundinnen und Kunden haben vor Ort die Möglichkeit, für ihren Favoriten abzustimmen. Das Projekt mit mehr Stimmen wird von dem jeweiligen dm-​Markt mit einer Spendensumme in Höhe von 600 Euro unterstützt. Das zweitplatzierte Projekt wird mit jeweils 400 Euro unterstützt. Online können Kundinnen und Kunden zwischen zwei Projekten von langjährigen dm-​Kooperationspartnern abstimmen. Das Erstplatzierte fördert dm mit 10.000 Euro, das Zweitplatzierte mit 5.000 Euro. Mehr Informationen gibt es unter https://www.dm.de/neu/lust-auf-zukunft-zukunftsinitiative/zukunftsprojekte.<br>
</span></p>
<p><span style="font-size: 10pt; font-family: arial, helvetica, sans-serif;">Wir freuen uns sehr, dass der VPsT dieses Jahr als eines der Zukunftsprojekte Teil von „Lust auf Zukunft“ ist und dm-​Drogeriemarkt seine Plattform und Unterstützung anbietet. Dies ist eine tolle Gelegenheit, die Arbeit des VPsT in der Region vorzustellen. <b>Persönlich trifft man uns am 19.05. im</b><b> dm-​Markt in der Göblenröder Straße 3 in 35305 Grünberg </b><b>an.</b><b> </b>Wer uns unterstützen möchte, kann dort seine Stimme abgeben. </span><span style="font-size: 10pt; font-family: arial, helvetica, sans-serif;">Wir freuen uns auf Euer kommen.</span></p>
</div>
<p><span data-wahfont="13"><a href="https://www.vpst-laubach.de/wp/aktuelles/" data-wahfont="13"><span style="font-family: arial, helvetica, sans-serif; font-size: 10pt;">Zurück zu “Aktuelles” &gt;&gt;</span></a></span></p>
<div class="vrm-ads__wrapper" style="text-align: justify;">
<hr>
</div>
<p><img loading="lazy" decoding="async" class="size-full wp-image-7261 alignleft" src="https://www.vpst-laubach.de/wp/wp-content/uploads/2018/07/trennline_neu.jpg" alt width="780" height="80"></p>
<table class=" alignleft" style="width: 603px;">
<tbody>
<tr>
<td>
<table class=" alignleft" style="width: 581px;">
<tbody>
<tr>
<td style="width: 154px;"><a href="https://www.vpst-laubach.de/wp/?page_id=1963"><img loading="lazy" decoding="async" class="alignnone wp-image-3956 size-full" src="https://www.vpst-laubach.de/wp/wp-content/uploads/2017/01/Geschichte-neu1.jpg" alt width="150" height="100"></a></td>
<td style="width: 439px;">
<div style="text-align: justify;">
<h3><span style="font-family: arial, helvetica, sans-serif;"><a href="https://www.vpst-laubach.de/wp/?page_id=1963">Geschichte</a></span><strong><br>
</strong></h3>
<p><span style="font-family: arial, helvetica, sans-serif; font-size: 10pt;">Wann wurde der Verein gegründet und welche Rolle spielte Prof. Dr. Dr. Horst Eberhard Richter dabei?&nbsp; Diese und andere Fragen werden hier beantwortet&nbsp; </span><a href="https://www.vpst-laubach.de/wp/?page_id=1963"><span style="font-family: arial, helvetica, sans-serif; font-size: 10pt;">mehr&gt;&gt;</span></a></p>
<hr>
</div>
</td>
</tr>
<tr>
<td style="width: 154px;"><a href="https://www.vpst-laubach.de/wp/ueber-uns/der-vpst/"><img loading="lazy" decoding="async" class="alignnone wp-image-8243 size-full" src="https://www.vpst-laubach.de/wp/wp-content/uploads/2019/02/Der-VPsT-klein-NEU.jpg" alt width="150" height="100"></a></td>
<td style="width: 439px;">
<div>
<div>
<h3 data-wahfont="14"><span style="font-family: arial, helvetica, sans-serif;"><a href="https://www.vpst-laubach.de/wp/ueber-uns/der-vpst/">Der VPsT</a></span></h3>
<p><span style="font-family: arial, helvetica, sans-serif; font-size: 10pt;">Der Verein greift auf eine über 40-​jährige Erfahrung in der Region zurück. Das wäre nicht möglich gewesen ohne seine engagierten Mitarbeiter*innen, vielfältigen Kooperationspartner und vielem </span><a href="https://www.vpst-laubach.de/wp/ueber-uns/der-vpst/"><span style="font-family: arial, helvetica, sans-serif; font-size: 10pt;">mehr&gt;&gt;</span></a></p>
</div>
</div>
<hr>
</td>
</tr>
<tr>
<td style="width: 154px;"><a href="https://www.vpst-laubach.de/wp/?page_id=3025"><img loading="lazy" decoding="async" class="wp-image-3596 size-full alignnone" src="https://www.vpst-laubach.de/wp/wp-content/uploads/2016/01/was-wir-tun-4-klein.jpg" alt width="150" height="100"></a></td>
<td style="width: 439px;">
<div>
<h3 data-wahfont="20"><a href="https://www.vpst-laubach.de/wp/?page_id=3025"><strong>Was wir&nbsp;tun</strong></a></h3>
<p data-wahfont="14"><span data-wahfont="14"><span style="font-size: 10pt; font-family: arial, helvetica, sans-serif;">Was ist ein „Zentrum für psychosoziale Therapie“ oder was bedeutet für uns der „Grundsatz der Gemeindenähe“. Wenn Sie mehr darüber erfahren wollen, dann schauen Sie mal </span><a href="https://www.vpst-laubach.de/wp/?page_id=3025"><span style="font-size: 10pt; font-family: arial, helvetica, sans-serif;">hier&gt;&gt;</span></a></span></p>
<hr>
<p data-wahfont="13">
</p></div>
</td>
</tr>
</tbody>
</table>
</td>
</tr>
</tbody>
</table>
<p>&nbsp;</p>
<p>&nbsp;</p>
<p>&nbsp;</p>
<p>&nbsp;</p>
<p>&nbsp;</p>
</div>

<!-- RS_MODULE_CODE_2.4.6 --><div id="readspeaker_button14735" class="rs_skip rsbtn rs_preserve"><a class="rsbtn_play" title="Um den Text anzuhören, verwenden Sie bitte ReadSpeaker" accesskey="L" href="//app-eu.readspeaker.com/cgi-bin/rsent?customerid=11662&amp;lang=de_de&amp;readid=rspeak_read_14735&amp;url=https%3A%2F%2Fwww.vpst-laubach.de%2Fwp%2Fwp-json%2Fwp%2Fv2%2Fpages%2F14735">
        <span class="rsbtn_left rsimg rspart"><span class="rsbtn_text"><span>Vorlesen</span></span></span>
        <span class="rsbtn_right rsimg rsplay rspart"></span>
        </a></div><div id="rspeak_read_14735"><p> /​​ Über uns /​​ Aktuelles /​​ dm-​​Drogeriemarkt spendet&nbsp;… dm-​​Drogeriemarkt spendet für rund&nbsp;3000 Zukunftsprojekte und der VPsT ist eines&nbsp;davon Am 19.05. trifft man uns in der dm-​​Filiale, Göbelnröder Straße 3, <a class="more-link" href="https://www.vpst-laubach.de/wp/aktuelles/dm-drogeriemarkt-spendet/">weiterlesen →</a></p>
</div>
