{"id":13988,"date":"2021-07-29T09:53:13","date_gmt":"2021-07-29T07:53:13","guid":{"rendered":"https:\/\/www.vpst-laubach.de\/wp\/?page_id=13988"},"modified":"2023-08-17T14:19:22","modified_gmt":"2023-08-17T12:19:22","slug":"mach-ein-freiwillig-soziales-jahr","status":"publish","type":"page","link":"https:\/\/www.vpst-laubach.de\/wp\/mach-ein-freiwillig-soziales-jahr\/","title":{"rendered":"Mach ein \u201eFreiwilliges Soziales Jahr\u201c bei&nbsp;uns"},"content":{"rendered":"<!-- RS_MODULE_CODE_2.4.6 --><div id=\"readspeaker_button13988\" class=\"rs_skip rsbtn rs_preserve\"><a class=\"rsbtn_play\" title=\"Um den Text anzuh\u00f6ren, verwenden Sie bitte ReadSpeaker\" accesskey=\"L\" href=\"\/\/app-eu.readspeaker.com\/cgi-bin\/rsent?customerid=11662&amp;lang=de_de&amp;readid=rspeak_read_13988&amp;url=https%3A%2F%2Fwww.vpst-laubach.de%2Fwp%2Fwp-json%2Fwp%2Fv2%2Fpages%2F13988\">\n        <span class=\"rsbtn_left rsimg rspart\"><span class=\"rsbtn_text\"><span>Vorlesen<\/span><\/span><\/span>\n        <span class=\"rsbtn_right rsimg rsplay rspart\"><\/span>\n        <\/a><\/div><div id=\"rspeak_read_13988\"><table style=\"width: 100%;\">\n<tbody>\n<tr style=\"height: 25px;\">\n<td style=\"width: 25px; height: 25px;\"><div class=\"printomatic pom-small \" id=\"id2406\" data-print_target=\"article\"><\/div><\/td>\n<td style=\"width: 25px; height: 25px;\"><img loading=\"lazy\" decoding=\"async\" class=\"wp-image-947 alignnone\" src=\"https:\/\/www.vpst-laubach.de\/wp\/wp-content\/uploads\/2016\/02\/home.png\" width=\"19\" height=\"19\"><\/td>\n<td style=\"width: 25px; height: 25px;\"><img loading=\"lazy\" decoding=\"async\" class=\"wp-image-949 alignnone\" src=\"https:\/\/www.vpst-laubach.de\/wp\/wp-content\/uploads\/2016\/02\/like.png\" width=\"19\" height=\"19\"><\/td>\n<td style=\"width: 737.25px; height: 25px;\"><span style=\"font-family: arial,helvetica,sans-serif; font-size: 10pt;\">\/\u200b <a href=\"https:\/\/www.vpst-laubach.de\/wp\/\">\u00dcber uns<\/a> \/\u200b Mach ein \u201eFreiwilliges Soziales Jahr\u201c bei&nbsp;uns<br>\n<\/span><\/td>\n<\/tr>\n<\/tbody>\n<\/table>\n<h1 style=\"text-align: justify;\"><span style=\"font-family: arial, helvetica, sans-serif;\"><strong>Mach ein \u201eFreiwilliges Soziales Jahr \u201c bei&nbsp;uns<br>\n<\/strong><\/span><\/h1>\n<p><img loading=\"lazy\" decoding=\"async\" class=\"size-medium wp-image-14416 alignleft\" src=\"http:\/\/www.vpst-laubach.de\/wp\/wp-content\/uploads\/2023\/02\/FSJ-neu4-300x188.jpg\" alt width=\"300\" height=\"188\" srcset=\"https:\/\/www.vpst-laubach.de\/wp\/wp-content\/uploads\/2023\/02\/FSJ-neu4-300x188.jpg 300w, https:\/\/www.vpst-laubach.de\/wp\/wp-content\/uploads\/2023\/02\/FSJ-neu4-150x94.jpg 150w, https:\/\/www.vpst-laubach.de\/wp\/wp-content\/uploads\/2023\/02\/FSJ-neu4.jpg 320w\" sizes=\"auto, (max-width: 300px) 100vw, 300px\"><span style=\"font-family: arial, helvetica, sans-serif; font-size: 10pt;\">F\u00fcr Schulabg\u00e4nger*innen, die sich sozial engagieren m\u00f6chten, bieten wir freie FSJ Stellen an. Das FSJ bietet die Chance, etwas f\u00fcr sich und f\u00fcr andere Menschen zu tun. Dabei werden wichtige soziale und personale Kompetenzen erworben, die als Schl\u00fcsselqualifikationen am Arbeitsmarkt sehr gefragt sind.<\/span><\/p>\n<p><span style=\"font-family: arial, helvetica, sans-serif; font-size: 10pt;\">Unsere Tagesst\u00e4tte Laubach ist eine tagesstrukturierende Ma\u00dfnahme f\u00fcr erwachsene Menschen, die auf Grund ihrer chronisch psychischen Erkrankung und deren Folgeerscheinungen einer besonderen Stabilisierung bed\u00fcrfen. Die Tagesst\u00e4tte Laubach versteht sich als Begegnungsst\u00e4tte, in der die Klient*innen auf niedrigschwelligem Niveau gefordert und gef\u00f6rdert werden. Sie unterst\u00fctzt u. a&nbsp;die selbstbestimmte Lebensgestaltung und die Teilhabe am gesellschaftlichen Leben.<br>\n<\/span><\/p>\n<p><span style=\"font-family: arial, helvetica, sans-serif; font-size: 10pt;\">Deine Aufgaben: In erster Linie die Unterst\u00fctzung des Teams, Teilnahme an der Freizeitgestaltung (Spiele, Ausfl\u00fcge, Gartenpflege), Hauswirtschaft (Unterst\u00fctzung beim Kochen, Reinigen) sowie die Mitarbeit im Betreuungsalltag.<\/span><\/p>\n<p><span style=\"font-family: arial, helvetica, sans-serif; font-size: 10pt;\">Das w\u00fcnschen wir uns von dir: Interesse an der Arbeit mit Menschen mit einer chronisch psychischen Erkrankung. Ein gewisses Ma\u00df an Eigenst\u00e4ndigkeit sowie P\u00fcnktlichkeit und Zuverl\u00e4ssigkeit.<\/span><\/p>\n<p><span style=\"font-family: arial, helvetica, sans-serif; font-size: 10pt;\">Der Besitz eines F\u00fchrerscheins ist bei uns Voraussetzung und wir bieten keine Unterkunft an. F\u00fcr weitere Fragen meldet Euch bei unseren Mitarbeiter*innen aus der Tagesst\u00e4tte Laubach unter 06405-\u200b950&nbsp;305.<\/span><\/p>\n<p><span style=\"font-family: arial, helvetica, sans-serif; font-size: 10pt;\"><br>\nBewerbungen bitte per Mail an ts-\u200binfo@\u200bvpst-\u200blaubach.\u200borg oder per Post an: VPsT \u2013 Verein f\u00fcr Psychosoziale Therapie e.V., Tagesst\u00e4tte Laubach, Steinweg 11, 35321 Laubach.<\/span><\/p>\n<hr>\n<table class=\" alignleft\" style=\"width: 603px;\">\n<tbody>\n<tr>\n<td style=\"width: 612px;\">\n<table class=\" alignleft\" style=\"height: 320px; width: 581px;\">\n<tbody>\n<tr style=\"height: 4px;\">\n<td style=\"width: 154px; height: 10px;\"><a href=\"https:\/\/www.vpst-laubach.de\/wp\/alltag-und-beschaeftigung\/tagesstaette-laubach\/\"><img loading=\"lazy\" decoding=\"async\" class=\"alignnone wp-image-3998 size-full\" src=\"https:\/\/www.vpst-laubach.de\/wp\/wp-content\/uploads\/2016\/01\/TS.jpg\" alt width=\"150\" height=\"100\"><\/a><\/td>\n<td style=\"width: 439px; height: 10px; text-align: justify;\">\n<h3 data-wahfont=\"20\"><a href=\"https:\/\/www.vpst-laubach.de\/wp\/alltag-und-beschaeftigung\/tagesstaette-laubach\/\" data-wahfont=\"20\"><strong>Die Tagesst\u00e4tte Laubach<\/strong><\/a><\/h3>\n<p data-wahfont=\"13\"><span data-wahfont=\"13\"><span style=\"font-family: arial, helvetica, sans-serif; font-size: 10pt;\">Unsere Tagesst\u00e4tte Laubach ist eine tagesstrukturierende Ma\u00dfnahme und richtet sich an Erwachsene, die auf Grund ihrer chronischen, psychischen Erkrankung&nbsp; <\/span><a href=\"https:\/\/www.vpst-laubach.de\/wp\/alltag-und-beschaeftigung\/tagesstaette-laubach\/\" data-wahfont=\"13\"><span style=\"font-family: arial, helvetica, sans-serif; font-size: 10pt;\">mehr &gt;&gt;<\/span><\/a><\/span><\/p>\n<hr>\n<\/td>\n<\/tr>\n<tr style=\"height: 4px;\">\n<td style=\"width: 154px; height: 10px;\"><a href=\"https:\/\/www.bundes-freiwilligendienst.de\/fsj-freiwilliges-soziales-jahr\/\" target=\"_blank\" rel=\"noopener\"> <img loading=\"lazy\" decoding=\"async\" class=\"alignnone size-full wp-image-4476\" src=\"https:\/\/www.vpst-laubach.de\/wp\/wp-content\/uploads\/2017\/03\/Links.jpg\" alt width=\"150\" height=\"100\"><\/a><\/td>\n<td style=\"width: 439px; height: 10px; text-align: justify;\">\n<h3>&nbsp;<a href=\"https:\/\/www.bundes-freiwilligendienst.de\/fsj-freiwilliges-soziales-jahr\/\" target=\"_blank\" rel=\"noopener\">Das FSJ<\/a><\/h3>\n<div><span style=\"font-size: 10pt; font-family: arial, helvetica, sans-serif;\">Das FSJ ist ein Freiwilligendienst in sozialen Bereichen. Er wird in Deutschland f\u00fcr Jugendliche und junge Erwachsene angeboten, die die Vollzeitschulpflicht bereits erf\u00fcllt <a href=\"https:\/\/www.bundes-freiwilligendienst.de\/fsj-freiwilliges-soziales-jahr\/\" target=\"_blank\" rel=\"noopener\">mehr &gt;&gt;<\/a><\/span><\/div>\n<div><\/div>\n<hr>\n<\/td>\n<\/tr>\n<\/tbody>\n<\/table>\n<\/td>\n<\/tr>\n<\/tbody>\n<\/table>\n<p>&nbsp;<\/p>\n<\/div>","protected":false},"excerpt":{"rendered":"<!-- RS_MODULE_CODE_2.4.6 --><div id=\"readspeaker_button13988\" class=\"rs_skip rsbtn rs_preserve\"><a class=\"rsbtn_play\" title=\"Um den Text anzuh\u00f6ren, verwenden Sie bitte ReadSpeaker\" accesskey=\"L\" href=\"\/\/app-eu.readspeaker.com\/cgi-bin\/rsent?customerid=11662&amp;lang=de_de&amp;readid=rspeak_read_13988&amp;url=https%3A%2F%2Fwww.vpst-laubach.de%2Fwp%2Fwp-json%2Fwp%2Fv2%2Fpages%2F13988\">\n        <span class=\"rsbtn_left rsimg rspart\"><span class=\"rsbtn_text\"><span>Vorlesen<\/span><\/span><\/span>\n        <span class=\"rsbtn_right rsimg rsplay rspart\"><\/span>\n        <\/a><\/div><div id=\"rspeak_read_13988\"><p> \/\u200b\u200b \u00dcber uns \/\u200b\u200b Mach ein \u201eFreiwilliges Soziales Jahr\u201c bei&nbsp;uns Mach ein \u201eFreiwilliges Soziales Jahr \u201c bei&nbsp;uns F\u00fcr Schulabg\u00e4nger*innen, die sich sozial engagieren m\u00f6chten, bieten wir freie FSJ Stellen <a class=\"more-link\" href=\"https:\/\/www.vpst-laubach.de\/wp\/mach-ein-freiwillig-soziales-jahr\/\">weiterlesen \u2192<\/a><\/p>\n<\/div>","protected":false},"author":3,"featured_media":0,"parent":0,"menu_order":0,"comment_status":"closed","ping_status":"closed","template":"","meta":{"wp_typography_post_enhancements_disabled":false,"footnotes":""},"class_list":["post-13988","page","type-page","status-publish","hentry"],"_links":{"self":[{"href":"https:\/\/www.vpst-laubach.de\/wp\/wp-json\/wp\/v2\/pages\/13988","targetHints":{"allow":["GET"]}}],"collection":[{"href":"https:\/\/www.vpst-laubach.de\/wp\/wp-json\/wp\/v2\/pages"}],"about":[{"href":"https:\/\/www.vpst-laubach.de\/wp\/wp-json\/wp\/v2\/types\/page"}],"author":[{"embeddable":true,"href":"https:\/\/www.vpst-laubach.de\/wp\/wp-json\/wp\/v2\/users\/3"}],"replies":[{"embeddable":true,"href":"https:\/\/www.vpst-laubach.de\/wp\/wp-json\/wp\/v2\/comments?post=13988"}],"version-history":[{"count":9,"href":"https:\/\/www.vpst-laubach.de\/wp\/wp-json\/wp\/v2\/pages\/13988\/revisions"}],"predecessor-version":[{"id":14965,"href":"https:\/\/www.vpst-laubach.de\/wp\/wp-json\/wp\/v2\/pages\/13988\/revisions\/14965"}],"wp:attachment":[{"href":"https:\/\/www.vpst-laubach.de\/wp\/wp-json\/wp\/v2\/media?parent=13988"}],"curies":[{"name":"wp","href":"https:\/\/api.w.org\/{rel}","templated":true}]}}

<!-- RS_MODULE_CODE_2.4.6 --><div id="readspeaker_button13988" class="rs_skip rsbtn rs_preserve"><a class="rsbtn_play" title="Um den Text anzuhören, verwenden Sie bitte ReadSpeaker" accesskey="L" href="//app-eu.readspeaker.com/cgi-bin/rsent?customerid=11662&amp;lang=de_de&amp;readid=rspeak_read_13988&amp;url=https%3A%2F%2Fwww.vpst-laubach.de%2Fwp%2Fwp-json%2Fwp%2Fv2%2Fpages%2F13988">
        <span class="rsbtn_left rsimg rspart"><span class="rsbtn_text"><span>Vorlesen</span></span></span>
        <span class="rsbtn_right rsimg rsplay rspart"></span>
        </a></div><div id="rspeak_read_13988"><table style="width: 100%;">
<tbody>
<tr style="height: 25px;">
<td style="width: 25px; height: 25px;"><div class="printomatic pom-small " id="id2406" data-print_target="article"></div></td>
<td style="width: 25px; height: 25px;"><img loading="lazy" decoding="async" class="wp-image-947 alignnone" src="https://www.vpst-laubach.de/wp/wp-content/uploads/2016/02/home.png" width="19" height="19"></td>
<td style="width: 25px; height: 25px;"><img loading="lazy" decoding="async" class="wp-image-949 alignnone" src="https://www.vpst-laubach.de/wp/wp-content/uploads/2016/02/like.png" width="19" height="19"></td>
<td style="width: 737.25px; height: 25px;"><span style="font-family: arial,helvetica,sans-serif; font-size: 10pt;">/​ <a href="https://www.vpst-laubach.de/wp/">Über uns</a> /​ Mach ein „Freiwilliges Soziales Jahr“ bei&nbsp;uns<br>
</span></td>
</tr>
</tbody>
</table>
<h1 style="text-align: justify;"><span style="font-family: arial, helvetica, sans-serif;"><strong>Mach ein „Freiwilliges Soziales Jahr “ bei&nbsp;uns<br>
</strong></span></h1>
<p><img loading="lazy" decoding="async" class="size-medium wp-image-14416 alignleft" src="http://www.vpst-laubach.de/wp/wp-content/uploads/2023/02/FSJ-neu4-300x188.jpg" alt width="300" height="188" srcset="https://www.vpst-laubach.de/wp/wp-content/uploads/2023/02/FSJ-neu4-300x188.jpg 300w, https://www.vpst-laubach.de/wp/wp-content/uploads/2023/02/FSJ-neu4-150x94.jpg 150w, https://www.vpst-laubach.de/wp/wp-content/uploads/2023/02/FSJ-neu4.jpg 320w" sizes="auto, (max-width: 300px) 100vw, 300px"><span style="font-family: arial, helvetica, sans-serif; font-size: 10pt;">Für Schulabgänger*innen, die sich sozial engagieren möchten, bieten wir freie FSJ Stellen an. Das FSJ bietet die Chance, etwas für sich und für andere Menschen zu tun. Dabei werden wichtige soziale und personale Kompetenzen erworben, die als Schlüsselqualifikationen am Arbeitsmarkt sehr gefragt sind.</span></p>
<p><span style="font-family: arial, helvetica, sans-serif; font-size: 10pt;">Unsere Tagesstätte Laubach ist eine tagesstrukturierende Maßnahme für erwachsene Menschen, die auf Grund ihrer chronisch psychischen Erkrankung und deren Folgeerscheinungen einer besonderen Stabilisierung bedürfen. Die Tagesstätte Laubach versteht sich als Begegnungsstätte, in der die Klient*innen auf niedrigschwelligem Niveau gefordert und gefördert werden. Sie unterstützt u. a&nbsp;die selbstbestimmte Lebensgestaltung und die Teilhabe am gesellschaftlichen Leben.<br>
</span></p>
<p><span style="font-family: arial, helvetica, sans-serif; font-size: 10pt;">Deine Aufgaben: In erster Linie die Unterstützung des Teams, Teilnahme an der Freizeitgestaltung (Spiele, Ausflüge, Gartenpflege), Hauswirtschaft (Unterstützung beim Kochen, Reinigen) sowie die Mitarbeit im Betreuungsalltag.</span></p>
<p><span style="font-family: arial, helvetica, sans-serif; font-size: 10pt;">Das wünschen wir uns von dir: Interesse an der Arbeit mit Menschen mit einer chronisch psychischen Erkrankung. Ein gewisses Maß an Eigenständigkeit sowie Pünktlichkeit und Zuverlässigkeit.</span></p>
<p><span style="font-family: arial, helvetica, sans-serif; font-size: 10pt;">Der Besitz eines Führerscheins ist bei uns Voraussetzung und wir bieten keine Unterkunft an. Für weitere Fragen meldet Euch bei unseren Mitarbeiter*innen aus der Tagesstätte Laubach unter 06405-​950&nbsp;305.</span></p>
<p><span style="font-family: arial, helvetica, sans-serif; font-size: 10pt;"><br>
Bewerbungen bitte per Mail an ts-​info@​vpst-​laubach.​org oder per Post an: VPsT – Verein für Psychosoziale Therapie e.V., Tagesstätte Laubach, Steinweg 11, 35321 Laubach.</span></p>
<hr>
<table class=" alignleft" style="width: 603px;">
<tbody>
<tr>
<td style="width: 612px;">
<table class=" alignleft" style="height: 320px; width: 581px;">
<tbody>
<tr style="height: 4px;">
<td style="width: 154px; height: 10px;"><a href="https://www.vpst-laubach.de/wp/alltag-und-beschaeftigung/tagesstaette-laubach/"><img loading="lazy" decoding="async" class="alignnone wp-image-3998 size-full" src="https://www.vpst-laubach.de/wp/wp-content/uploads/2016/01/TS.jpg" alt width="150" height="100"></a></td>
<td style="width: 439px; height: 10px; text-align: justify;">
<h3 data-wahfont="20"><a href="https://www.vpst-laubach.de/wp/alltag-und-beschaeftigung/tagesstaette-laubach/" data-wahfont="20"><strong>Die Tagesstätte Laubach</strong></a></h3>
<p data-wahfont="13"><span data-wahfont="13"><span style="font-family: arial, helvetica, sans-serif; font-size: 10pt;">Unsere Tagesstätte Laubach ist eine tagesstrukturierende Maßnahme und richtet sich an Erwachsene, die auf Grund ihrer chronischen, psychischen Erkrankung&nbsp; </span><a href="https://www.vpst-laubach.de/wp/alltag-und-beschaeftigung/tagesstaette-laubach/" data-wahfont="13"><span style="font-family: arial, helvetica, sans-serif; font-size: 10pt;">mehr &gt;&gt;</span></a></span></p>
<hr>
</td>
</tr>
<tr style="height: 4px;">
<td style="width: 154px; height: 10px;"><a href="https://www.bundes-freiwilligendienst.de/fsj-freiwilliges-soziales-jahr/" target="_blank" rel="noopener"> <img loading="lazy" decoding="async" class="alignnone size-full wp-image-4476" src="https://www.vpst-laubach.de/wp/wp-content/uploads/2017/03/Links.jpg" alt width="150" height="100"></a></td>
<td style="width: 439px; height: 10px; text-align: justify;">
<h3>&nbsp;<a href="https://www.bundes-freiwilligendienst.de/fsj-freiwilliges-soziales-jahr/" target="_blank" rel="noopener">Das FSJ</a></h3>
<div><span style="font-size: 10pt; font-family: arial, helvetica, sans-serif;">Das FSJ ist ein Freiwilligendienst in sozialen Bereichen. Er wird in Deutschland für Jugendliche und junge Erwachsene angeboten, die die Vollzeitschulpflicht bereits erfüllt <a href="https://www.bundes-freiwilligendienst.de/fsj-freiwilliges-soziales-jahr/" target="_blank" rel="noopener">mehr &gt;&gt;</a></span></div>
<div></div>
<hr>
</td>
</tr>
</tbody>
</table>
</td>
</tr>
</tbody>
</table>
<p>&nbsp;</p>
</div>

<!-- RS_MODULE_CODE_2.4.6 --><div id="readspeaker_button13988" class="rs_skip rsbtn rs_preserve"><a class="rsbtn_play" title="Um den Text anzuhören, verwenden Sie bitte ReadSpeaker" accesskey="L" href="//app-eu.readspeaker.com/cgi-bin/rsent?customerid=11662&amp;lang=de_de&amp;readid=rspeak_read_13988&amp;url=https%3A%2F%2Fwww.vpst-laubach.de%2Fwp%2Fwp-json%2Fwp%2Fv2%2Fpages%2F13988">
        <span class="rsbtn_left rsimg rspart"><span class="rsbtn_text"><span>Vorlesen</span></span></span>
        <span class="rsbtn_right rsimg rsplay rspart"></span>
        </a></div><div id="rspeak_read_13988"><p> /​​ Über uns /​​ Mach ein „Freiwilliges Soziales Jahr“ bei&nbsp;uns Mach ein „Freiwilliges Soziales Jahr “ bei&nbsp;uns Für Schulabgänger*innen, die sich sozial engagieren möchten, bieten wir freie FSJ Stellen <a class="more-link" href="https://www.vpst-laubach.de/wp/mach-ein-freiwillig-soziales-jahr/">weiterlesen →</a></p>
</div>
