{"id":13012,"date":"2020-09-28T12:28:14","date_gmt":"2020-09-28T10:28:14","guid":{"rendered":"https:\/\/www.vpst-laubach.de\/wp\/?page_id=13012"},"modified":"2020-12-14T09:41:38","modified_gmt":"2020-12-14T08:41:38","slug":"vpst-feiert-sein-40-jaehriges-bestehen-die-uebergluecklichen","status":"publish","type":"page","link":"https:\/\/www.vpst-laubach.de\/wp\/aktuelles\/vpst-feiert-sein-40-jaehriges-bestehen-die-uebergluecklichen\/","title":{"rendered":"VPsT feiert sein 40-\u200bj\u00e4hriges Bestehen \u2026 \u2013 Die \u00dcbergl\u00fccklichen"},"content":{"rendered":"<!-- RS_MODULE_CODE_2.4.6 --><div id=\"readspeaker_button13012\" class=\"rs_skip rsbtn rs_preserve\"><a class=\"rsbtn_play\" title=\"Um den Text anzuh\u00f6ren, verwenden Sie bitte ReadSpeaker\" accesskey=\"L\" href=\"\/\/app-eu.readspeaker.com\/cgi-bin\/rsent?customerid=11662&amp;lang=de_de&amp;readid=rspeak_read_13012&amp;url=https%3A%2F%2Fwww.vpst-laubach.de%2Fwp%2Fwp-json%2Fwp%2Fv2%2Fpages%2F13012\">\n        <span class=\"rsbtn_left rsimg rspart\"><span class=\"rsbtn_text\"><span>Vorlesen<\/span><\/span><\/span>\n        <span class=\"rsbtn_right rsimg rsplay rspart\"><\/span>\n        <\/a><\/div><div id=\"rspeak_read_13012\"><table style=\"width: 100%;\">\n<tbody>\n<tr>\n<td style=\"width: 5.22088%; height: 25px;\"><span style=\"font-family: arial, helvetica, sans-serif; font-size: 10pt;\"><div class=\"printomatic pom-small \" id=\"id62\" data-print_target=\"article\"><\/div><\/span><\/td>\n<td style=\"width: 3.91566%; height: 25px;\"><span style=\"font-family: arial, helvetica, sans-serif; font-size: 10pt;\"><a href=\"https:\/\/www.vpst-laubach.de\/wp\"><img loading=\"lazy\" decoding=\"async\" class=\"wp-image-947 alignnone\" src=\"https:\/\/www.vpst-laubach.de\/wp\/wp-content\/uploads\/2016\/02\/home.png\" alt width=\"19\" height=\"19\"><\/a><\/span><\/td>\n<td style=\"width: 3.91566%; height: 25px;\"><span style=\"font-family: arial, helvetica, sans-serif; font-size: 10pt;\"><img loading=\"lazy\" decoding=\"async\" class=\"wp-image-949 alignnone\" src=\"https:\/\/www.vpst-laubach.de\/wp\/wp-content\/uploads\/2016\/02\/like.png\" width=\"19\" height=\"19\"><\/span><\/td>\n<td style=\"width: 86.8244%;\"><span style=\"font-family: arial, helvetica, sans-serif; font-size: 10pt;\"> \/\u200b <a href=\"https:\/\/www.vpst-laubach.de\/wp\/\">\u00dcber uns<\/a> \/\u200b <a href=\"https:\/\/www.vpst-laubach.de\/wp\/aktuelles\/\">Aktuelles<\/a> \/\u200b VPsT feiert sein 40-\u200bj\u00e4hriges Bestehen&nbsp;\u2026<br><\/span><\/td>\n<\/tr>\n<\/tbody>\n<\/table>\n<h1><a id=\"b\"><\/a>VPsT feiert sein 40-\u200bj\u00e4hriges Bestehen <br>mit Filmreihe im Kino Traumstern<\/h1>\n<p style=\"text-align: justify;\"><span style=\"font-family: arial, helvetica, sans-serif; font-size: 10pt;\"><img loading=\"lazy\" decoding=\"async\" class=\"size-medium wp-image-13014 alignleft\" src=\"https:\/\/www.vpst-laubach.de\/wp\/wp-content\/uploads\/2020\/09\/DUEG_Plakat_10x15-1-212x300.jpg\" alt width=\"212\" height=\"300\" srcset=\"https:\/\/www.vpst-laubach.de\/wp\/wp-content\/uploads\/2020\/09\/DUEG_Plakat_10x15-1-212x300.jpg 212w, https:\/\/www.vpst-laubach.de\/wp\/wp-content\/uploads\/2020\/09\/DUEG_Plakat_10x15-1-724x1024.jpg 724w, https:\/\/www.vpst-laubach.de\/wp\/wp-content\/uploads\/2020\/09\/DUEG_Plakat_10x15-1-106x150.jpg 106w, https:\/\/www.vpst-laubach.de\/wp\/wp-content\/uploads\/2020\/09\/DUEG_Plakat_10x15-1-1085x1536.jpg 1085w, https:\/\/www.vpst-laubach.de\/wp\/wp-content\/uploads\/2020\/09\/DUEG_Plakat_10x15-1.jpg 1252w\" sizes=\"auto, (max-width: 212px) 100vw, 212px\"><\/span><\/p>\n<p><span style=\"font-family: arial, helvetica, sans-serif; font-size: 14pt;\"><strong>Mit \u201eDie \u00dcbergl\u00fccklichen\u201c&nbsp; kommt der dritte Film ins Kino<\/strong> <\/span><\/p>\n<p style=\"text-align: justify;\"><span style=\"font-family: arial, helvetica, sans-serif; font-size: 10pt;\">Zum Anlass unseres 40-\u200bj\u00e4hrigen Bestehens veranstalten wir gemeinsam mit dem Kino Traumstern in Lich eine Filmreihe zu den Themenkomplexen \u201ePsychische Erkrankungen, Suchterkrankung und Erziehungsprobleme\u201c. Insgesamt vier Filme sollen gemeinsam in diesem Jahr gezeigt werden<strong>.<\/strong><\/span><\/p>\n<p style=\"text-align: justify;\"><span style=\"font-family: arial, helvetica, sans-serif; font-size: 10pt;\"><strong>Als dritter Film der Reihe kommt am Sonntag, 11.10.2020 um 11:30 Uhr im Rahmen der Matineevorstellung \u201eDie \u00dcbergl\u00fccklichen\u201c ins&nbsp;Kino.<\/strong><\/span><\/p>\n<p style=\"text-align: justify;\"><span style=\"font-family: arial, helvetica, sans-serif; font-size: 10pt;\">Der Film \u201eDie \u00dcbergl\u00fccklichen\u201c handelt von einer hinrei\u00dfend gespielten Freundschaft zweier Frauen, welche psychisch erkrankt sind. Beatrice plappert ohne Punkt und Komma, wobei Wahrheit und L\u00fcge bruchlos ineinander \u00fcbergehen. Sie wird aus unlauteren Gr\u00fcnden in der luxuri\u00f6sen Psychiatrie \u201eVilla Biondi\u201c festgehalten. Die junge Donatella merkt kurz nach ihrer Einweisung in die Psychiatrie, dass Beatrice gern mal flunkert. Die neugierige Beatrice gibt sich n\u00e4mlich kurzerhand als \u00c4rztin aus und befragt die Neue \u00fcber ihren seelischen Zustand. Zwischen Gartenarbeit und Gruppentherapie entdecken die Frauen ihre gro\u00dfe Sympathie f\u00fcreinander, b\u00fcxen aus der Anstalt aus und begeben sich auf einen Road Trip quer durch die bl\u00fchende Landschaft der Toskana (www.programmkino.de).<\/span><\/p>\n<p style=\"text-align: justify;\"><span style=\"font-family: arial, helvetica, sans-serif; font-size: 10pt;\">Tragische und zugleich komische Momente werden in \u201eDie \u00dcbergl\u00fccklichen\u201c&nbsp; gezeigt \u2013 wie sie auch so oft im echten Leben stattfinden. \u00dcber die Ernsthaftigkeit der dargestellten psychischen Probleme wollen wir im Anschluss des Films mit Ihnen sowie verschiedenen Fachleuten und Betroffenen sprechen. Aufgrund der aktuellen Situation ist es ratsam, eine Kartenreservierung direkt beim Kino Traumstern vorzunehmen.<\/span><\/p>\n<p style=\"text-align: justify;\"><span style=\"font-family: arial, helvetica, sans-serif; font-size: 12pt;\"><strong>Wir haben mehrere Anl\u00e4sse zu feiern<\/strong> <\/span><\/p>\n<p style=\"text-align: justify;\"><span style=\"font-family: arial, helvetica, sans-serif; font-size: 10pt;\">Unter dem Motto \u201e40 Jahre VPsT\u201c gibt es f\u00fcr den Verein gleich mehrere Anl\u00e4sse zu feiern: 2019 j\u00e4hrte sich der Geburtstag des \u201eBeratungszentrums Laubach und Gr\u00fcnberg\u201c, einer wichtigen Anlauf\u00adstelle f\u00fcr Menschen in Lebenskrisen, bei Drogen- und Sucht\u00adproblemen sowie bei Erzie\u00adhungs\u00adfragen bereits zum 40. Mal. In diesem Jahr ist die \u201eTagesst\u00e4tte Laubach\u201c bereits 20 Jahre in Be\u00adtrieb, ein Aufent\u00adhaltsort und F\u00f6rderst\u00e4tte f\u00fcr inzwischen 45 Menschen mit einer psychischen Erkran\u00adkung. Im Jahr 2021 feiert sodann der Gesamt\u00adverein sein 40-\u200bj\u00e4hriges Bestehen und der \u201e<a href=\"https:\/\/www.vpst-laubach.de\/wp\/foerderverein\/\">F\u00f6r\u00adderverein f\u00fcr das Beratungs\u00adzentrum Lau\u00adbach und Gr\u00fcnberg<\/a>\u201c sein 25-\u200bj\u00e4hriges Jubil\u00e4um. Und last but not least: Im Jahr 2022 wird schlie\u00dflich das \u201e<a href=\"https:\/\/www.vpst-laubach.de\/wp\/wohnen\/\">Be\u00adtreute Wohnen Laubach<\/a>\u201c 20 Jahre alt, ein ambulantes Betreuungs\u00adangebot f\u00fcr mittler\u00adweile 75 Menschen mit psychischer Erkrankung sowie Suchterkrankung.<\/span><\/p>\n<div class=\"vrm-ads__wrapper\" style=\"text-align: justify;\">\n<p style=\"text-align: justify;\"><span style=\"font-size: 10.0pt; font-family: 'Arial','sans-serif';\"><a href=\"https:\/\/www.vpst-laubach.de\/wp\/ueber-uns\/aktuelles\/\">Zur\u00fcck zu \u201eAktuelles\u201c &gt;&gt;<\/a><\/span><\/p>\n<\/div>\n<div class=\"vrm-ads__wrapper\" style=\"text-align: justify;\"><hr><\/div>\n<p><img loading=\"lazy\" decoding=\"async\" class=\"size-full wp-image-7261 alignleft\" src=\"https:\/\/www.vpst-laubach.de\/wp\/wp-content\/uploads\/2018\/07\/trennline_neu.jpg\" alt width=\"780\" height=\"80\"><\/p>\n<table class=\" alignleft\" style=\"width: 603px;\">\n<tbody>\n<tr>\n<td>\n<table class=\" alignleft\" style=\"width: 581px;\">\n<tbody>\n<tr>\n<td style=\"width: 154px;\"><img loading=\"lazy\" decoding=\"async\" class=\"alignnone size-full wp-image-12742\" src=\"https:\/\/www.vpst-laubach.de\/wp\/wp-content\/uploads\/2020\/06\/Captain-Fantastic-klein.jpg\" alt width=\"150\" height=\"100\"><\/td>\n<td style=\"width: 439px;\">\n<h3><a href=\"https:\/\/www.vpst-laubach.de\/wp\/aktuelles\/die-riesenkatastrophe-in-der-jugendarbeit-ist-nicht-eingetreten\/\">Die Riesenkatastrophe ist in der Jugendarbeit nicht eingetreten<\/a><span style=\"font-size: 8pt; font-family: arial, helvetica, sans-serif;\"> 21.06.2020<\/span><\/h3>\n<p><span style=\"font-family: arial, helvetica, sans-serif; font-size: 10pt;\">Zweite Matineeveranstaltung zusammen mit Kino Traumstern anl\u00e4sslich unseres 40-\u200bj\u00e4hrigen Jubil\u00e4ums <\/span><a href=\"https:\/\/www.vpst-laubach.de\/wp\/aktuelles\/die-riesenkatastrophe-in-der-jugendarbeit-ist-nicht-eingetreten\/\"><span style=\"font-family: arial, helvetica, sans-serif; font-size: 10pt;\">mehr &gt;&gt;<\/span><\/a><\/p>\n<hr><\/td>\n<\/tr>\n<tr>\n<td style=\"width: 154px;\"><a href=\"https:\/\/www.vpst-laubach.de\/wp\/aktuelles\/benni-sorgte-fuer-gespraechsstoff\/\"><img loading=\"lazy\" decoding=\"async\" class=\"alignnone wp-image-11068 size-full\" src=\"https:\/\/www.vpst-laubach.de\/wp\/wp-content\/uploads\/2019\/11\/Benni-sorgte-fr-Gespr\u00e4chsstoff-kl.jpg\" alt width=\"150\" height=\"100\"><\/a><\/td>\n<td style=\"width: 439px;\">\n<h3><a href=\"https:\/\/www.vpst-laubach.de\/wp\/aktuelles\/benni-sorgte-fuer-gespraechsstoff\/\">\u201eBenni\u201c sorgte f\u00fcr Gespr\u00e4chsstoff<\/a> <span style=\"font-family: arial, helvetica, sans-serif; font-size: 8pt;\">14.10.2019<\/span><\/h3>\n<p style=\"text-align: justify;\"><span style=\"font-family: arial, helvetica, sans-serif; font-size: 10pt;\">Zu unserer ersten Veranstaltung am 13.10. im Rahmen unseres Jubil\u00e4ums sind trotz des sonnigem Wetters viele Besucher ins Kino Traumstern nach Lich gekommen. <a href=\"https:\/\/www.vpst-laubach.de\/wp\/aktuelles\/benni-sorgte-fuer-gespraechsstoff\/\">Mehr &gt;&gt;<\/a><\/span><\/p>\n<hr><\/td>\n<\/tr>\n<\/tbody>\n<\/table>\n<\/td>\n<\/tr>\n<\/tbody>\n<\/table>\n<p>&nbsp;<\/p>\n<p>&nbsp;<\/p>\n<p>&nbsp;<\/p>\n<p>&nbsp;<\/p>\n<p>&nbsp;<\/p>\n<p>&nbsp;<\/p>\n<\/div>","protected":false},"excerpt":{"rendered":"<!-- RS_MODULE_CODE_2.4.6 --><div id=\"readspeaker_button13012\" class=\"rs_skip rsbtn rs_preserve\"><a class=\"rsbtn_play\" title=\"Um den Text anzuh\u00f6ren, verwenden Sie bitte ReadSpeaker\" accesskey=\"L\" href=\"\/\/app-eu.readspeaker.com\/cgi-bin\/rsent?customerid=11662&amp;lang=de_de&amp;readid=rspeak_read_13012&amp;url=https%3A%2F%2Fwww.vpst-laubach.de%2Fwp%2Fwp-json%2Fwp%2Fv2%2Fpages%2F13012\">\n        <span class=\"rsbtn_left rsimg rspart\"><span class=\"rsbtn_text\"><span>Vorlesen<\/span><\/span><\/span>\n        <span class=\"rsbtn_right rsimg rsplay rspart\"><\/span>\n        <\/a><\/div><div id=\"rspeak_read_13012\"><p> \/\u200b\u200b \u00dcber uns \/\u200b\u200b Aktuelles \/\u200b\u200b VPsT feiert sein 40-\u200b\u200bj\u00e4hriges Bestehen&nbsp;\u2026 VPsT feiert sein 40-\u200b\u200bj\u00e4hriges Bestehen mit Filmreihe im Kino Traumstern Mit \u201eDie \u00dcbergl\u00fccklichen\u201c&nbsp; kommt der dritte Film ins <a class=\"more-link\" href=\"https:\/\/www.vpst-laubach.de\/wp\/aktuelles\/vpst-feiert-sein-40-jaehriges-bestehen-die-uebergluecklichen\/\">weiterlesen \u2192<\/a><\/p>\n<\/div>","protected":false},"author":3,"featured_media":0,"parent":27,"menu_order":0,"comment_status":"closed","ping_status":"closed","template":"","meta":{"wp_typography_post_enhancements_disabled":false,"footnotes":""},"class_list":["post-13012","page","type-page","status-publish","hentry"],"_links":{"self":[{"href":"https:\/\/www.vpst-laubach.de\/wp\/wp-json\/wp\/v2\/pages\/13012","targetHints":{"allow":["GET"]}}],"collection":[{"href":"https:\/\/www.vpst-laubach.de\/wp\/wp-json\/wp\/v2\/pages"}],"about":[{"href":"https:\/\/www.vpst-laubach.de\/wp\/wp-json\/wp\/v2\/types\/page"}],"author":[{"embeddable":true,"href":"https:\/\/www.vpst-laubach.de\/wp\/wp-json\/wp\/v2\/users\/3"}],"replies":[{"embeddable":true,"href":"https:\/\/www.vpst-laubach.de\/wp\/wp-json\/wp\/v2\/comments?post=13012"}],"version-history":[{"count":4,"href":"https:\/\/www.vpst-laubach.de\/wp\/wp-json\/wp\/v2\/pages\/13012\/revisions"}],"predecessor-version":[{"id":13504,"href":"https:\/\/www.vpst-laubach.de\/wp\/wp-json\/wp\/v2\/pages\/13012\/revisions\/13504"}],"up":[{"embeddable":true,"href":"https:\/\/www.vpst-laubach.de\/wp\/wp-json\/wp\/v2\/pages\/27"}],"wp:attachment":[{"href":"https:\/\/www.vpst-laubach.de\/wp\/wp-json\/wp\/v2\/media?parent=13012"}],"curies":[{"name":"wp","href":"https:\/\/api.w.org\/{rel}","templated":true}]}}

VPsT feiert sein 40-​jähriges Bestehen … – Die Überglücklichen

<!-- RS_MODULE_CODE_2.4.6 --><div id="readspeaker_button13012" class="rs_skip rsbtn rs_preserve"><a class="rsbtn_play" title="Um den Text anzuhören, verwenden Sie bitte ReadSpeaker" accesskey="L" href="//app-eu.readspeaker.com/cgi-bin/rsent?customerid=11662&amp;lang=de_de&amp;readid=rspeak_read_13012&amp;url=https%3A%2F%2Fwww.vpst-laubach.de%2Fwp%2Fwp-json%2Fwp%2Fv2%2Fpages%2F13012">
        <span class="rsbtn_left rsimg rspart"><span class="rsbtn_text"><span>Vorlesen</span></span></span>
        <span class="rsbtn_right rsimg rsplay rspart"></span>
        </a></div><div id="rspeak_read_13012"><table style="width: 100%;">
<tbody>
<tr>
<td style="width: 5.22088%; height: 25px;"><span style="font-family: arial, helvetica, sans-serif; font-size: 10pt;"><div class="printomatic pom-small " id="id62" data-print_target="article"></div></span></td>
<td style="width: 3.91566%; height: 25px;"><span style="font-family: arial, helvetica, sans-serif; font-size: 10pt;"><a href="https://www.vpst-laubach.de/wp"><img loading="lazy" decoding="async" class="wp-image-947 alignnone" src="https://www.vpst-laubach.de/wp/wp-content/uploads/2016/02/home.png" alt width="19" height="19"></a></span></td>
<td style="width: 3.91566%; height: 25px;"><span style="font-family: arial, helvetica, sans-serif; font-size: 10pt;"><img loading="lazy" decoding="async" class="wp-image-949 alignnone" src="https://www.vpst-laubach.de/wp/wp-content/uploads/2016/02/like.png" width="19" height="19"></span></td>
<td style="width: 86.8244%;"><span style="font-family: arial, helvetica, sans-serif; font-size: 10pt;"> /​ <a href="https://www.vpst-laubach.de/wp/">Über uns</a> /​ <a href="https://www.vpst-laubach.de/wp/aktuelles/">Aktuelles</a> /​ VPsT feiert sein 40-​jähriges Bestehen&nbsp;…<br></span></td>
</tr>
</tbody>
</table>
<h1><a id="b"></a>VPsT feiert sein 40-​jähriges Bestehen <br>mit Filmreihe im Kino Traumstern</h1>
<p style="text-align: justify;"><span style="font-family: arial, helvetica, sans-serif; font-size: 10pt;"><img loading="lazy" decoding="async" class="size-medium wp-image-13014 alignleft" src="https://www.vpst-laubach.de/wp/wp-content/uploads/2020/09/DUEG_Plakat_10x15-1-212x300.jpg" alt width="212" height="300" srcset="https://www.vpst-laubach.de/wp/wp-content/uploads/2020/09/DUEG_Plakat_10x15-1-212x300.jpg 212w, https://www.vpst-laubach.de/wp/wp-content/uploads/2020/09/DUEG_Plakat_10x15-1-724x1024.jpg 724w, https://www.vpst-laubach.de/wp/wp-content/uploads/2020/09/DUEG_Plakat_10x15-1-106x150.jpg 106w, https://www.vpst-laubach.de/wp/wp-content/uploads/2020/09/DUEG_Plakat_10x15-1-1085x1536.jpg 1085w, https://www.vpst-laubach.de/wp/wp-content/uploads/2020/09/DUEG_Plakat_10x15-1.jpg 1252w" sizes="auto, (max-width: 212px) 100vw, 212px"></span></p>
<p><span style="font-family: arial, helvetica, sans-serif; font-size: 14pt;"><strong>Mit „Die Überglücklichen“&nbsp; kommt der dritte Film ins Kino</strong> </span></p>
<p style="text-align: justify;"><span style="font-family: arial, helvetica, sans-serif; font-size: 10pt;">Zum Anlass unseres 40-​jährigen Bestehens veranstalten wir gemeinsam mit dem Kino Traumstern in Lich eine Filmreihe zu den Themenkomplexen „Psychische Erkrankungen, Suchterkrankung und Erziehungsprobleme“. Insgesamt vier Filme sollen gemeinsam in diesem Jahr gezeigt werden<strong>.</strong></span></p>
<p style="text-align: justify;"><span style="font-family: arial, helvetica, sans-serif; font-size: 10pt;"><strong>Als dritter Film der Reihe kommt am Sonntag, 11.10.2020 um 11:30 Uhr im Rahmen der Matineevorstellung „Die Überglücklichen“ ins&nbsp;Kino.</strong></span></p>
<p style="text-align: justify;"><span style="font-family: arial, helvetica, sans-serif; font-size: 10pt;">Der Film „Die Überglücklichen“ handelt von einer hinreißend gespielten Freundschaft zweier Frauen, welche psychisch erkrankt sind. Beatrice plappert ohne Punkt und Komma, wobei Wahrheit und Lüge bruchlos ineinander übergehen. Sie wird aus unlauteren Gründen in der luxuriösen Psychiatrie „Villa Biondi“ festgehalten. Die junge Donatella merkt kurz nach ihrer Einweisung in die Psychiatrie, dass Beatrice gern mal flunkert. Die neugierige Beatrice gibt sich nämlich kurzerhand als Ärztin aus und befragt die Neue über ihren seelischen Zustand. Zwischen Gartenarbeit und Gruppentherapie entdecken die Frauen ihre große Sympathie füreinander, büxen aus der Anstalt aus und begeben sich auf einen Road Trip quer durch die blühende Landschaft der Toskana (www.programmkino.de).</span></p>
<p style="text-align: justify;"><span style="font-family: arial, helvetica, sans-serif; font-size: 10pt;">Tragische und zugleich komische Momente werden in „Die Überglücklichen“&nbsp; gezeigt – wie sie auch so oft im echten Leben stattfinden. Über die Ernsthaftigkeit der dargestellten psychischen Probleme wollen wir im Anschluss des Films mit Ihnen sowie verschiedenen Fachleuten und Betroffenen sprechen. Aufgrund der aktuellen Situation ist es ratsam, eine Kartenreservierung direkt beim Kino Traumstern vorzunehmen.</span></p>
<p style="text-align: justify;"><span style="font-family: arial, helvetica, sans-serif; font-size: 12pt;"><strong>Wir haben mehrere Anlässe zu feiern</strong> </span></p>
<p style="text-align: justify;"><span style="font-family: arial, helvetica, sans-serif; font-size: 10pt;">Unter dem Motto „40 Jahre VPsT“ gibt es für den Verein gleich mehrere Anlässe zu feiern: 2019 jährte sich der Geburtstag des „Beratungszentrums Laubach und Grünberg“, einer wichtigen Anlauf­stelle für Menschen in Lebenskrisen, bei Drogen- und Sucht­problemen sowie bei Erzie­hungs­fragen bereits zum 40. Mal. In diesem Jahr ist die „Tagesstätte Laubach“ bereits 20 Jahre in Be­trieb, ein Aufent­haltsort und Förderstätte für inzwischen 45 Menschen mit einer psychischen Erkran­kung. Im Jahr 2021 feiert sodann der Gesamt­verein sein 40-​jähriges Bestehen und der „<a href="https://www.vpst-laubach.de/wp/foerderverein/">För­derverein für das Beratungs­zentrum Lau­bach und Grünberg</a>“ sein 25-​jähriges Jubiläum. Und last but not least: Im Jahr 2022 wird schließlich das „<a href="https://www.vpst-laubach.de/wp/wohnen/">Be­treute Wohnen Laubach</a>“ 20 Jahre alt, ein ambulantes Betreuungs­angebot für mittler­weile 75 Menschen mit psychischer Erkrankung sowie Suchterkrankung.</span></p>
<div class="vrm-ads__wrapper" style="text-align: justify;">
<p style="text-align: justify;"><span style="font-size: 10.0pt; font-family: 'Arial','sans-serif';"><a href="https://www.vpst-laubach.de/wp/ueber-uns/aktuelles/">Zurück zu „Aktuelles“ &gt;&gt;</a></span></p>
</div>
<div class="vrm-ads__wrapper" style="text-align: justify;"><hr></div>
<p><img loading="lazy" decoding="async" class="size-full wp-image-7261 alignleft" src="https://www.vpst-laubach.de/wp/wp-content/uploads/2018/07/trennline_neu.jpg" alt width="780" height="80"></p>
<table class=" alignleft" style="width: 603px;">
<tbody>
<tr>
<td>
<table class=" alignleft" style="width: 581px;">
<tbody>
<tr>
<td style="width: 154px;"><img loading="lazy" decoding="async" class="alignnone size-full wp-image-12742" src="https://www.vpst-laubach.de/wp/wp-content/uploads/2020/06/Captain-Fantastic-klein.jpg" alt width="150" height="100"></td>
<td style="width: 439px;">
<h3><a href="https://www.vpst-laubach.de/wp/aktuelles/die-riesenkatastrophe-in-der-jugendarbeit-ist-nicht-eingetreten/">Die Riesenkatastrophe ist in der Jugendarbeit nicht eingetreten</a><span style="font-size: 8pt; font-family: arial, helvetica, sans-serif;"> 21.06.2020</span></h3>
<p><span style="font-family: arial, helvetica, sans-serif; font-size: 10pt;">Zweite Matineeveranstaltung zusammen mit Kino Traumstern anlässlich unseres 40-​jährigen Jubiläums </span><a href="https://www.vpst-laubach.de/wp/aktuelles/die-riesenkatastrophe-in-der-jugendarbeit-ist-nicht-eingetreten/"><span style="font-family: arial, helvetica, sans-serif; font-size: 10pt;">mehr &gt;&gt;</span></a></p>
<hr></td>
</tr>
<tr>
<td style="width: 154px;"><a href="https://www.vpst-laubach.de/wp/aktuelles/benni-sorgte-fuer-gespraechsstoff/"><img loading="lazy" decoding="async" class="alignnone wp-image-11068 size-full" src="https://www.vpst-laubach.de/wp/wp-content/uploads/2019/11/Benni-sorgte-fr-Gesprächsstoff-kl.jpg" alt width="150" height="100"></a></td>
<td style="width: 439px;">
<h3><a href="https://www.vpst-laubach.de/wp/aktuelles/benni-sorgte-fuer-gespraechsstoff/">„Benni“ sorgte für Gesprächsstoff</a> <span style="font-family: arial, helvetica, sans-serif; font-size: 8pt;">14.10.2019</span></h3>
<p style="text-align: justify;"><span style="font-family: arial, helvetica, sans-serif; font-size: 10pt;">Zu unserer ersten Veranstaltung am 13.10. im Rahmen unseres Jubiläums sind trotz des sonnigem Wetters viele Besucher ins Kino Traumstern nach Lich gekommen. <a href="https://www.vpst-laubach.de/wp/aktuelles/benni-sorgte-fuer-gespraechsstoff/">Mehr &gt;&gt;</a></span></p>
<hr></td>
</tr>
</tbody>
</table>
</td>
</tr>
</tbody>
</table>
<p>&nbsp;</p>
<p>&nbsp;</p>
<p>&nbsp;</p>
<p>&nbsp;</p>
<p>&nbsp;</p>
<p>&nbsp;</p>
</div>

<!-- RS_MODULE_CODE_2.4.6 --><div id="readspeaker_button13012" class="rs_skip rsbtn rs_preserve"><a class="rsbtn_play" title="Um den Text anzuhören, verwenden Sie bitte ReadSpeaker" accesskey="L" href="//app-eu.readspeaker.com/cgi-bin/rsent?customerid=11662&amp;lang=de_de&amp;readid=rspeak_read_13012&amp;url=https%3A%2F%2Fwww.vpst-laubach.de%2Fwp%2Fwp-json%2Fwp%2Fv2%2Fpages%2F13012">
        <span class="rsbtn_left rsimg rspart"><span class="rsbtn_text"><span>Vorlesen</span></span></span>
        <span class="rsbtn_right rsimg rsplay rspart"></span>
        </a></div><div id="rspeak_read_13012"><p> /​​ Über uns /​​ Aktuelles /​​ VPsT feiert sein 40-​​jähriges Bestehen&nbsp;… VPsT feiert sein 40-​​jähriges Bestehen mit Filmreihe im Kino Traumstern Mit „Die Überglücklichen“&nbsp; kommt der dritte Film ins <a class="more-link" href="https://www.vpst-laubach.de/wp/aktuelles/vpst-feiert-sein-40-jaehriges-bestehen-die-uebergluecklichen/">weiterlesen →</a></p>
</div>
