{"id":12590,"date":"2020-05-19T08:05:02","date_gmt":"2020-05-19T06:05:02","guid":{"rendered":"https:\/\/www.vpst-laubach.de\/wp\/?page_id=12590"},"modified":"2023-02-21T12:34:25","modified_gmt":"2023-02-21T11:34:25","slug":"gespraechsgruppe-fuer-menschen-mit-psychischen-problemen","status":"publish","type":"page","link":"https:\/\/www.vpst-laubach.de\/wp\/gruppenangebote\/gespraechsgruppe-fuer-menschen-mit-psychischen-problemen\/","title":{"rendered":"Gespr\u00e4chsgruppe f\u00fcr Menschen mit psychischen Problemen"},"content":{"rendered":"<!-- RS_MODULE_CODE_2.4.6 --><div id=\"readspeaker_button12590\" class=\"rs_skip rsbtn rs_preserve\"><a class=\"rsbtn_play\" title=\"Um den Text anzuh\u00f6ren, verwenden Sie bitte ReadSpeaker\" accesskey=\"L\" href=\"\/\/app-eu.readspeaker.com\/cgi-bin\/rsent?customerid=11662&amp;lang=de_de&amp;readid=rspeak_read_12590&amp;url=https%3A%2F%2Fwww.vpst-laubach.de%2Fwp%2Fwp-json%2Fwp%2Fv2%2Fpages%2F12590\">\n        <span class=\"rsbtn_left rsimg rspart\"><span class=\"rsbtn_text\"><span>Vorlesen<\/span><\/span><\/span>\n        <span class=\"rsbtn_right rsimg rsplay rspart\"><\/span>\n        <\/a><\/div><div id=\"rspeak_read_12590\">\n<table style=\"height: 10px; width: 100%;\">\n<tbody>\n<tr style=\"height: 0px;\">\n<td style=\"width: 25px; height: 25px;\"><div class=\"printomatic pom-small \" id=\"id1097\" data-print_target=\"article\"><\/div><\/td>\n<td style=\"width: 25px; height: 25px;\"><a href=\"https:\/\/www.vpst-laubach.de\/wp\"><img loading=\"lazy\" decoding=\"async\" class=\"alignnone wp-image-947\" src=\"https:\/\/www.vpst-laubach.de\/wp\/wp-content\/uploads\/2016\/02\/home.png\" alt width=\"19\" height=\"19\"><\/a><\/td>\n<td style=\"width: 25px; height: 25px;\"><img loading=\"lazy\" decoding=\"async\" class=\"wp-image-949 alignnone\" src=\"https:\/\/www.vpst-laubach.de\/wp\/wp-content\/uploads\/2016\/02\/like.png\" width=\"19\" height=\"19\"><\/td>\n<td style=\"width: 609.55px; height: 10px;\">\n<div>\n<div><span style=\"font-size: 10pt; font-family: arial, helvetica, sans-serif;\">\/\u200b <a href=\"https:\/\/www.vpst-laubach.de\/wp\">\u00dcber uns<\/a> \/\u200b <a href=\"https:\/\/www.vpst-laubach.de\/wp\/gruppenangebote\/\" data-wahfont=\"13\">Gruppenangebote<\/a> <\/span><span style=\"font-size: 10pt; font-family: arial, helvetica, sans-serif;\">\/\u200b Gespr\u00e4chsgruppe f\u00fcr Menschen mit psychischen&nbsp;\u2026<br><\/span><\/div>\n<\/div>\n<\/td>\n<\/tr>\n<\/tbody>\n<\/table>\n<h1><span style=\"font-family: arial, helvetica, sans-serif;\"><span style=\"color: #4e82be;\">Gespr\u00e4chsgruppe f\u00fcr Menschen mit psychischen Problemen<\/span><\/span><\/h1>\n<p style=\"text-align: justify;\"><span style=\"font-family: arial, helvetica, sans-serif; font-size: 10pt;\"><img loading=\"lazy\" decoding=\"async\" class=\"size-medium wp-image-10753 alignleft\" src=\"https:\/\/www.vpst-laubach.de\/wp\/wp-content\/uploads\/2019\/08\/Erziehungs-und-Familienberatung-gro\u00df-300x225.jpg\" alt width=\"300\" height=\"225\" srcset=\"https:\/\/www.vpst-laubach.de\/wp\/wp-content\/uploads\/2019\/08\/Erziehungs-und-Familienberatung-gro\u00df-300x225.jpg 300w, https:\/\/www.vpst-laubach.de\/wp\/wp-content\/uploads\/2019\/08\/Erziehungs-und-Familienberatung-gro\u00df-150x113.jpg 150w, https:\/\/www.vpst-laubach.de\/wp\/wp-content\/uploads\/2019\/08\/Erziehungs-und-Familienberatung-gro\u00df.jpg 400w\" sizes=\"auto, (max-width: 300px) 100vw, 300px\">Viele Menschen leiden unter Depressionen, \u00c4ngste und Zw\u00e4ngen. Der Druck und die Belastung an manch einem Arbeitsplatz und\/\u200boder in famili\u00e4ren Situationen l\u00e4sst viele Menschen an ihre Grenzen sto\u00dfen.<\/span><\/p>\n<p style=\"text-align: justify;\"><span style=\"font-family: arial, helvetica, sans-serif; font-size: 10pt;\">Unterst\u00fctzung kann eine therapeutische Gespr\u00e4chsgruppe bieten, wo Menschen mit \u00e4hnlichen Erfahrungen sich austauschen und gegenseitig Halt&nbsp;geben.<\/span><\/p>\n<p style=\"text-align: justify;\"><span style=\"font-family: arial, helvetica, sans-serif; font-size: 10pt;\">Die Gespr\u00e4chsgruppe wird von unseren Berater*innen des Beratungszentrums Laubach und Gr\u00fcnberg begleitet und moderiert. Sie bietet eine regelm\u00e4\u00dfige Anlaufstelle, tr\u00e4gt zur Struktur des Alltags der Hilfesuchenden bei und gibt Gelegenheit, \u00fcber aktuelle Themen mit Gleichgesinnten zu sprechen.<\/span><\/p>\n<p style=\"text-align: justify;\"><span style=\"font-family: arial, helvetica, sans-serif; font-size: 10pt;\">Unsere Gespr\u00e4chsgruppe findet im 14- t\u00e4gigem Rhythmus immer dienstags von 10:30 bis 12:00 Uhr im Beratungszentrum Laubach und Gr\u00fcnberg, Marktplatz 3, 35321 Laubach statt.&nbsp;<\/span><\/p>\n<p style=\"text-align: justify;\"><span style=\"font-family: arial, helvetica, sans-serif; font-size: 10pt;\">F\u00fcr weitere Informationen und zur Anmeldung setzen Sie sich bitte mit unserem Beratungszentrum Laubach und Gr\u00fcnberg unter der Telefonnummer 06405\/\u200b90236\u202fin Verbindung.<\/span><\/p>\n<hr>\n<p><img loading=\"lazy\" decoding=\"async\" class=\"size-full wp-image-7261 alignleft\" src=\"https:\/\/www.vpst-laubach.de\/wp\/wp-content\/uploads\/2018\/07\/trennline_neu.jpg\" alt width=\"780\" height=\"80\"><\/p>\n<table class=\" alignleft\" style=\"width: 603px;\">\n<tbody>\n<tr>\n<td style=\"width: 612px;\">\n<table class=\" alignleft\" style=\"width: 581px;\">\n<tbody>\n<tr style=\"height: 4px;\">\n<td style=\"width: 154px; height: 10px;\"><a href=\"https:\/\/www.vpst-laubach.de\/wp\/?page_id=4638\"><img loading=\"lazy\" decoding=\"async\" class=\"alignnone wp-image-7996 size-full\" src=\"https:\/\/www.vpst-laubach.de\/wp\/wp-content\/uploads\/2018\/11\/BZ-kl..jpg\" alt width=\"150\" height=\"100\"><\/a><\/td>\n<td style=\"width: 439px; height: 10px;\">\n<h3><a href=\"https:\/\/www.vpst-laubach.de\/wp\/?page_id=4638\">Beratungszentrum Laubach und Gr\u00fcnberg<\/a><\/h3>\n<p style=\"text-align: justify;\"><span style=\"font-family: arial, helvetica, sans-serif; font-size: 10pt;\">Wir sind Ansprechpartner f\u00fcr Menschen aller Altersgruppen, die in seelischen, sozialen oder famili\u00e4ren Problemsituationen Beratung und Hilfe suchen. Die Beratung ist kostenfrei, vertraulich <\/span><a href=\"https:\/\/www.vpst-laubach.de\/wp\/?page_id=4638\"><span style=\"font-family: arial, helvetica, sans-serif; font-size: 10pt;\">mehr &gt;&gt;<\/span><\/a><\/p>\n<hr><\/td>\n<\/tr>\n<tr style=\"height: 4px;\">\n<td style=\"width: 154px; height: 10px;\"><a href=\"https:\/\/www.vpst-laubach.de\/wp\/aktuelles\/gruppe-fuer-angehoerigen-von-suchtkranken\/\"><img loading=\"lazy\" decoding=\"async\" class=\"alignnone size-full wp-image-11962\" src=\"https:\/\/www.vpst-laubach.de\/wp\/wp-content\/uploads\/2020\/03\/Gruppe-Sucht-kl-2.jpg\" alt width=\"150\" height=\"100\"><\/a><\/td>\n<td style=\"width: 439px; height: 10px;\">\n<h3 data-wahfont=\"14\"><a href=\"https:\/\/www.vpst-laubach.de\/wp\/aktuelles\/gruppe-fuer-angehoerigen-von-suchtkranken\/\">Gruppe f\u00fcr Angeh\u00f6rige von Suchtkranken<\/a><\/h3>\n<div>\n<p style=\"text-align: justify;\"><span style=\"font-family: arial, helvetica, sans-serif; font-size: 10pt;\">Von der Suchtkrankheit eines Menschen ist immer auch das gesamte Familiensystem betroffen.Viele Angeh\u00f6rige von Suchtkranken f\u00fchlen sich f\u00fcr den Zustand <\/span><a href=\"https:\/\/www.vpst-laubach.de\/wp\/aktuelles\/gruppe-fuer-angehoerigen-von-suchtkranken\/\"><span style=\"font-family: arial, helvetica, sans-serif; font-size: 10pt;\">mehr&gt;&gt;<\/span><\/a><\/p>\n<\/div>\n<hr><\/td>\n<\/tr>\n<\/tbody>\n<\/table>\n<\/td>\n<\/tr>\n<\/tbody>\n<\/table><\/div>","protected":false},"excerpt":{"rendered":"<!-- RS_MODULE_CODE_2.4.6 --><div id=\"readspeaker_button12590\" class=\"rs_skip rsbtn rs_preserve\"><a class=\"rsbtn_play\" title=\"Um den Text anzuh\u00f6ren, verwenden Sie bitte ReadSpeaker\" accesskey=\"L\" href=\"\/\/app-eu.readspeaker.com\/cgi-bin\/rsent?customerid=11662&amp;lang=de_de&amp;readid=rspeak_read_12590&amp;url=https%3A%2F%2Fwww.vpst-laubach.de%2Fwp%2Fwp-json%2Fwp%2Fv2%2Fpages%2F12590\">\n        <span class=\"rsbtn_left rsimg rspart\"><span class=\"rsbtn_text\"><span>Vorlesen<\/span><\/span><\/span>\n        <span class=\"rsbtn_right rsimg rsplay rspart\"><\/span>\n        <\/a><\/div><div id=\"rspeak_read_12590\"><p> \/\u200b\u200b \u00dcber uns \/\u200b\u200b Gruppenangebote \/\u200b\u200b Gespr\u00e4chsgruppe f\u00fcr Menschen mit psychischen&nbsp;\u2026 Gespr\u00e4chsgruppe f\u00fcr Menschen mit psychischen Problemen Viele Menschen leiden unter Depressionen, \u00c4ngste und Zw\u00e4ngen. Der Druck und die <a class=\"more-link\" href=\"https:\/\/www.vpst-laubach.de\/wp\/gruppenangebote\/gespraechsgruppe-fuer-menschen-mit-psychischen-problemen\/\">weiterlesen \u2192<\/a><\/p>\n<\/div>","protected":false},"author":3,"featured_media":0,"parent":11545,"menu_order":3,"comment_status":"closed","ping_status":"closed","template":"","meta":{"wp_typography_post_enhancements_disabled":false,"footnotes":""},"class_list":["post-12590","page","type-page","status-publish","hentry"],"_links":{"self":[{"href":"https:\/\/www.vpst-laubach.de\/wp\/wp-json\/wp\/v2\/pages\/12590","targetHints":{"allow":["GET"]}}],"collection":[{"href":"https:\/\/www.vpst-laubach.de\/wp\/wp-json\/wp\/v2\/pages"}],"about":[{"href":"https:\/\/www.vpst-laubach.de\/wp\/wp-json\/wp\/v2\/types\/page"}],"author":[{"embeddable":true,"href":"https:\/\/www.vpst-laubach.de\/wp\/wp-json\/wp\/v2\/users\/3"}],"replies":[{"embeddable":true,"href":"https:\/\/www.vpst-laubach.de\/wp\/wp-json\/wp\/v2\/comments?post=12590"}],"version-history":[{"count":14,"href":"https:\/\/www.vpst-laubach.de\/wp\/wp-json\/wp\/v2\/pages\/12590\/revisions"}],"predecessor-version":[{"id":14505,"href":"https:\/\/www.vpst-laubach.de\/wp\/wp-json\/wp\/v2\/pages\/12590\/revisions\/14505"}],"up":[{"embeddable":true,"href":"https:\/\/www.vpst-laubach.de\/wp\/wp-json\/wp\/v2\/pages\/11545"}],"wp:attachment":[{"href":"https:\/\/www.vpst-laubach.de\/wp\/wp-json\/wp\/v2\/media?parent=12590"}],"curies":[{"name":"wp","href":"https:\/\/api.w.org\/{rel}","templated":true}]}}

Gesprächsgruppe für Menschen mit psychischen Problemen

<!-- RS_MODULE_CODE_2.4.6 --><div id="readspeaker_button12590" class="rs_skip rsbtn rs_preserve"><a class="rsbtn_play" title="Um den Text anzuhören, verwenden Sie bitte ReadSpeaker" accesskey="L" href="//app-eu.readspeaker.com/cgi-bin/rsent?customerid=11662&amp;lang=de_de&amp;readid=rspeak_read_12590&amp;url=https%3A%2F%2Fwww.vpst-laubach.de%2Fwp%2Fwp-json%2Fwp%2Fv2%2Fpages%2F12590">
        <span class="rsbtn_left rsimg rspart"><span class="rsbtn_text"><span>Vorlesen</span></span></span>
        <span class="rsbtn_right rsimg rsplay rspart"></span>
        </a></div><div id="rspeak_read_12590">
<table style="height: 10px; width: 100%;">
<tbody>
<tr style="height: 0px;">
<td style="width: 25px; height: 25px;"><div class="printomatic pom-small " id="id1097" data-print_target="article"></div></td>
<td style="width: 25px; height: 25px;"><a href="https://www.vpst-laubach.de/wp"><img loading="lazy" decoding="async" class="alignnone wp-image-947" src="https://www.vpst-laubach.de/wp/wp-content/uploads/2016/02/home.png" alt width="19" height="19"></a></td>
<td style="width: 25px; height: 25px;"><img loading="lazy" decoding="async" class="wp-image-949 alignnone" src="https://www.vpst-laubach.de/wp/wp-content/uploads/2016/02/like.png" width="19" height="19"></td>
<td style="width: 609.55px; height: 10px;">
<div>
<div><span style="font-size: 10pt; font-family: arial, helvetica, sans-serif;">/​ <a href="https://www.vpst-laubach.de/wp">Über uns</a> /​ <a href="https://www.vpst-laubach.de/wp/gruppenangebote/" data-wahfont="13">Gruppenangebote</a> </span><span style="font-size: 10pt; font-family: arial, helvetica, sans-serif;">/​ Gesprächsgruppe für Menschen mit psychischen&nbsp;…<br></span></div>
</div>
</td>
</tr>
</tbody>
</table>
<h1><span style="font-family: arial, helvetica, sans-serif;"><span style="color: #4e82be;">Gesprächsgruppe für Menschen mit psychischen Problemen</span></span></h1>
<p style="text-align: justify;"><span style="font-family: arial, helvetica, sans-serif; font-size: 10pt;"><img loading="lazy" decoding="async" class="size-medium wp-image-10753 alignleft" src="https://www.vpst-laubach.de/wp/wp-content/uploads/2019/08/Erziehungs-und-Familienberatung-groß-300x225.jpg" alt width="300" height="225" srcset="https://www.vpst-laubach.de/wp/wp-content/uploads/2019/08/Erziehungs-und-Familienberatung-groß-300x225.jpg 300w, https://www.vpst-laubach.de/wp/wp-content/uploads/2019/08/Erziehungs-und-Familienberatung-groß-150x113.jpg 150w, https://www.vpst-laubach.de/wp/wp-content/uploads/2019/08/Erziehungs-und-Familienberatung-groß.jpg 400w" sizes="auto, (max-width: 300px) 100vw, 300px">Viele Menschen leiden unter Depressionen, Ängste und Zwängen. Der Druck und die Belastung an manch einem Arbeitsplatz und/​oder in familiären Situationen lässt viele Menschen an ihre Grenzen stoßen.</span></p>
<p style="text-align: justify;"><span style="font-family: arial, helvetica, sans-serif; font-size: 10pt;">Unterstützung kann eine therapeutische Gesprächsgruppe bieten, wo Menschen mit ähnlichen Erfahrungen sich austauschen und gegenseitig Halt&nbsp;geben.</span></p>
<p style="text-align: justify;"><span style="font-family: arial, helvetica, sans-serif; font-size: 10pt;">Die Gesprächsgruppe wird von unseren Berater*innen des Beratungszentrums Laubach und Grünberg begleitet und moderiert. Sie bietet eine regelmäßige Anlaufstelle, trägt zur Struktur des Alltags der Hilfesuchenden bei und gibt Gelegenheit, über aktuelle Themen mit Gleichgesinnten zu sprechen.</span></p>
<p style="text-align: justify;"><span style="font-family: arial, helvetica, sans-serif; font-size: 10pt;">Unsere Gesprächsgruppe findet im 14- tägigem Rhythmus immer dienstags von 10:30 bis 12:00 Uhr im Beratungszentrum Laubach und Grünberg, Marktplatz 3, 35321 Laubach statt.&nbsp;</span></p>
<p style="text-align: justify;"><span style="font-family: arial, helvetica, sans-serif; font-size: 10pt;">Für weitere Informationen und zur Anmeldung setzen Sie sich bitte mit unserem Beratungszentrum Laubach und Grünberg unter der Telefonnummer 06405/​90236 in Verbindung.</span></p>
<hr>
<p><img loading="lazy" decoding="async" class="size-full wp-image-7261 alignleft" src="https://www.vpst-laubach.de/wp/wp-content/uploads/2018/07/trennline_neu.jpg" alt width="780" height="80"></p>
<table class=" alignleft" style="width: 603px;">
<tbody>
<tr>
<td style="width: 612px;">
<table class=" alignleft" style="width: 581px;">
<tbody>
<tr style="height: 4px;">
<td style="width: 154px; height: 10px;"><a href="https://www.vpst-laubach.de/wp/?page_id=4638"><img loading="lazy" decoding="async" class="alignnone wp-image-7996 size-full" src="https://www.vpst-laubach.de/wp/wp-content/uploads/2018/11/BZ-kl..jpg" alt width="150" height="100"></a></td>
<td style="width: 439px; height: 10px;">
<h3><a href="https://www.vpst-laubach.de/wp/?page_id=4638">Beratungszentrum Laubach und Grünberg</a></h3>
<p style="text-align: justify;"><span style="font-family: arial, helvetica, sans-serif; font-size: 10pt;">Wir sind Ansprechpartner für Menschen aller Altersgruppen, die in seelischen, sozialen oder familiären Problemsituationen Beratung und Hilfe suchen. Die Beratung ist kostenfrei, vertraulich </span><a href="https://www.vpst-laubach.de/wp/?page_id=4638"><span style="font-family: arial, helvetica, sans-serif; font-size: 10pt;">mehr &gt;&gt;</span></a></p>
<hr></td>
</tr>
<tr style="height: 4px;">
<td style="width: 154px; height: 10px;"><a href="https://www.vpst-laubach.de/wp/aktuelles/gruppe-fuer-angehoerigen-von-suchtkranken/"><img loading="lazy" decoding="async" class="alignnone size-full wp-image-11962" src="https://www.vpst-laubach.de/wp/wp-content/uploads/2020/03/Gruppe-Sucht-kl-2.jpg" alt width="150" height="100"></a></td>
<td style="width: 439px; height: 10px;">
<h3 data-wahfont="14"><a href="https://www.vpst-laubach.de/wp/aktuelles/gruppe-fuer-angehoerigen-von-suchtkranken/">Gruppe für Angehörige von Suchtkranken</a></h3>
<div>
<p style="text-align: justify;"><span style="font-family: arial, helvetica, sans-serif; font-size: 10pt;">Von der Suchtkrankheit eines Menschen ist immer auch das gesamte Familiensystem betroffen.Viele Angehörige von Suchtkranken fühlen sich für den Zustand </span><a href="https://www.vpst-laubach.de/wp/aktuelles/gruppe-fuer-angehoerigen-von-suchtkranken/"><span style="font-family: arial, helvetica, sans-serif; font-size: 10pt;">mehr&gt;&gt;</span></a></p>
</div>
<hr></td>
</tr>
</tbody>
</table>
</td>
</tr>
</tbody>
</table></div>

<!-- RS_MODULE_CODE_2.4.6 --><div id="readspeaker_button12590" class="rs_skip rsbtn rs_preserve"><a class="rsbtn_play" title="Um den Text anzuhören, verwenden Sie bitte ReadSpeaker" accesskey="L" href="//app-eu.readspeaker.com/cgi-bin/rsent?customerid=11662&amp;lang=de_de&amp;readid=rspeak_read_12590&amp;url=https%3A%2F%2Fwww.vpst-laubach.de%2Fwp%2Fwp-json%2Fwp%2Fv2%2Fpages%2F12590">
        <span class="rsbtn_left rsimg rspart"><span class="rsbtn_text"><span>Vorlesen</span></span></span>
        <span class="rsbtn_right rsimg rsplay rspart"></span>
        </a></div><div id="rspeak_read_12590"><p> /​​ Über uns /​​ Gruppenangebote /​​ Gesprächsgruppe für Menschen mit psychischen&nbsp;… Gesprächsgruppe für Menschen mit psychischen Problemen Viele Menschen leiden unter Depressionen, Ängste und Zwängen. Der Druck und die <a class="more-link" href="https://www.vpst-laubach.de/wp/gruppenangebote/gespraechsgruppe-fuer-menschen-mit-psychischen-problemen/">weiterlesen →</a></p>
</div>
